{"id":6717,"date":"2022-01-23T22:48:46","date_gmt":"2022-01-23T21:48:46","guid":{"rendered":"https:\/\/www.hml-fetish.de\/shop\/?post_type=product&#038;p=6717"},"modified":"2024-11-25T08:33:06","modified_gmt":"2024-11-25T07:33:06","slug":"fuck-bodyglide-dickfluessig","status":"publish","type":"product","link":"https:\/\/www.hml-fetish.de\/shop\/fuck-bodyglide-dickfluessig\/","title":{"rendered":"fuck Bodyglide dickfl\u00fcssig"},"content":{"rendered":"<p><P>Dieses Gleitmittel gibt es <B>nur bei HML Fetish!<\/B> Wir lassen eine besonders dickfl\u00fcssige Rezeptur mischen. Sie trocknet nicht ein und hinterl\u00e4sst nach der Anwendung keine festen R\u00fcckst\u00e4nde. fuck ist ausserdem frei von Parf\u00fcm, Farb- und Konservierungsstoffen, also hautschonend und -pflegend und dabei <B>v\u00f6llig ungiftig<\/B>!<\/P><br \/>\n<P>fuck dickfl\u00fcssig haftet besonders gut auf gr\u00f6\u00dferen (Gummi- und Vinyl-)Dildos und ist auch zum Fisten hervorragend geeignet. Durch seine Z\u00e4hfl\u00fcssigkeit bleibt es genau da, wo es hin soll, unentbehrlich f\u00fcr advanced Safer Sex. Erh\u00e4ltlich als 250 ml Dosierflasche f\u00fcr 24,90 &euro; (9,96 &euro; je 100 ml).<\/P><br \/>\n<P>Neu! Jetzt auch in der 100 ml Probierflasche f\u00fcr 12,90 &euro;! Wie alle Gleitmittel auf Silikonbasis ist fuck au\u00dferdem ein hervorragendes Massage\u00f6l. In geringer Menge aufgebracht und einpoliert, macht es auch Dein Gummi sch\u00f6n gl\u00e4nzend. Nicht nur das Deines Kondoms.<\/P><\/p>\n","protected":false},"excerpt":{"rendered":"<h4>fuck Bodyglide dickfl\u00fcssig<\/h4>\n<p><P>Dieses Gleitmittel gibt es <B>nur bei HML Fetish!<\/B> Wir lassen eine besonders dickfl\u00fcssige Rezeptur mischen. Sie trocknet nicht ein und hinterl\u00e4sst nach der Anwendung keine festen R\u00fcckst\u00e4nde. fuck ist ausserdem frei von Parf\u00fcm, Farb- und Konservierungsstoffen, also hautschonend und -pflegend und dabei <B>v\u00f6llig ungiftig<\/B>!<\/P><\/p>\n","protected":false},"featured_media":23670,"comment_status":"open","ping_status":"closed","template":"","meta":[],"product_brand":[],"product_cat":[144,95,178],"product_tag":[],"class_list":{"0":"post-6717","1":"product","2":"type-product","3":"status-publish","4":"has-post-thumbnail","6":"product_cat-kondome-gleitmittel","7":"product_cat-bestseller","8":"product_cat-gummipflege","9":"product_shipping_class-paket","11":"first","12":"instock","13":"taxable","14":"shipping-taxable","15":"purchasable","16":"product-type-variable"},"_links":{"self":[{"href":"https:\/\/www.hml-fetish.de\/shop\/wp-json\/wp\/v2\/product\/6717","targetHints":{"allow":["GET"]}}],"collection":[{"href":"https:\/\/www.hml-fetish.de\/shop\/wp-json\/wp\/v2\/product"}],"about":[{"href":"https:\/\/www.hml-fetish.de\/shop\/wp-json\/wp\/v2\/types\/product"}],"replies":[{"embeddable":true,"href":"https:\/\/www.hml-fetish.de\/shop\/wp-json\/wp\/v2\/comments?post=6717"}],"version-history":[{"count":0,"href":"https:\/\/www.hml-fetish.de\/shop\/wp-json\/wp\/v2\/product\/6717\/revisions"}],"wp:featuredmedia":[{"embeddable":true,"href":"https:\/\/www.hml-fetish.de\/shop\/wp-json\/wp\/v2\/media\/23670"}],"wp:attachment":[{"href":"https:\/\/www.hml-fetish.de\/shop\/wp-json\/wp\/v2\/media?parent=6717"}],"wp:term":[{"taxonomy":"product_brand","embeddable":true,"href":"https:\/\/www.hml-fetish.de\/shop\/wp-json\/wp\/v2\/product_brand?post=6717"},{"taxonomy":"product_cat","embeddable":true,"href":"https:\/\/www.hml-fetish.de\/shop\/wp-json\/wp\/v2\/product_cat?post=6717"},{"taxonomy":"product_tag","embeddable":true,"href":"https:\/\/www.hml-fetish.de\/shop\/wp-json\/wp\/v2\/product_tag?post=6717"}],"curies":[{"name":"wp","href":"https:\/\/api.w.org\/{rel}","templated":true}]}}