{"id":6710,"date":"2022-01-23T22:48:43","date_gmt":"2022-01-23T21:48:43","guid":{"rendered":"https:\/\/www.hml-fetish.de\/shop\/?post_type=product&#038;p=6710"},"modified":"2026-04-20T12:45:13","modified_gmt":"2026-04-20T10:45:13","slug":"id-glide","status":"publish","type":"product","link":"https:\/\/www.hml-fetish.de\/shop\/id-glide\/","title":{"rendered":"ID glide"},"content":{"rendered":"<p><P>Auf Wasserbasis und ein preiswertes Markenprodukt, parf\u00fcmfrei, seidenglatt, farb- und geruchsstofffrei und sehr hautvertr\u00e4glich. Gleitmittel mit Wasserbasis vertragen sich gut mit Latex-Kondomen. Allerdings muss man von Zeit zu Zeit nachschmieren, da sie eintrocknen k\u00f6nnen. Wir haben vom ID glide zwei Packungsgr\u00f6\u00dfen im Angebot: Eine 130 ml Dosierflasche f\u00fcr 11,90 &euro; (91,50 &euro;\/Liter) und eine 500 ml Dosierflasche f\u00fcr 34,90 &euro; (69,80 &#038;euro\/Liter).<\/P><\/p>\n","protected":false},"excerpt":{"rendered":"<h4>ID glide<\/h4>\n<p><P>Auf Wasserbasis und ein preiswertes Markenprodukt, parf\u00fcmfrei, seidenglatt, farb- und geruchsstofffrei und sehr hautvertr\u00e4glich. Gleitmittel mit Wasserbasis vertragen sich gut mit Latex-Kondomen. Allerdings muss man von Zeit zu Zeit nachschmieren, da sie eintrocknen k\u00f6nnen.<\/P><\/p>\n","protected":false},"featured_media":23775,"comment_status":"open","ping_status":"closed","template":"","meta":[],"product_brand":[],"product_cat":[144],"product_tag":[],"class_list":{"0":"post-6710","1":"product","2":"type-product","3":"status-publish","4":"has-post-thumbnail","6":"product_cat-kondome-gleitmittel","7":"product_shipping_class-paket","9":"first","10":"instock","11":"taxable","12":"shipping-taxable","13":"purchasable","14":"product-type-variable"},"_links":{"self":[{"href":"https:\/\/www.hml-fetish.de\/shop\/wp-json\/wp\/v2\/product\/6710","targetHints":{"allow":["GET"]}}],"collection":[{"href":"https:\/\/www.hml-fetish.de\/shop\/wp-json\/wp\/v2\/product"}],"about":[{"href":"https:\/\/www.hml-fetish.de\/shop\/wp-json\/wp\/v2\/types\/product"}],"replies":[{"embeddable":true,"href":"https:\/\/www.hml-fetish.de\/shop\/wp-json\/wp\/v2\/comments?post=6710"}],"version-history":[{"count":3,"href":"https:\/\/www.hml-fetish.de\/shop\/wp-json\/wp\/v2\/product\/6710\/revisions"}],"predecessor-version":[{"id":39845,"href":"https:\/\/www.hml-fetish.de\/shop\/wp-json\/wp\/v2\/product\/6710\/revisions\/39845"}],"wp:featuredmedia":[{"embeddable":true,"href":"https:\/\/www.hml-fetish.de\/shop\/wp-json\/wp\/v2\/media\/23775"}],"wp:attachment":[{"href":"https:\/\/www.hml-fetish.de\/shop\/wp-json\/wp\/v2\/media?parent=6710"}],"wp:term":[{"taxonomy":"product_brand","embeddable":true,"href":"https:\/\/www.hml-fetish.de\/shop\/wp-json\/wp\/v2\/product_brand?post=6710"},{"taxonomy":"product_cat","embeddable":true,"href":"https:\/\/www.hml-fetish.de\/shop\/wp-json\/wp\/v2\/product_cat?post=6710"},{"taxonomy":"product_tag","embeddable":true,"href":"https:\/\/www.hml-fetish.de\/shop\/wp-json\/wp\/v2\/product_tag?post=6710"}],"curies":[{"name":"wp","href":"https:\/\/api.w.org\/{rel}","templated":true}]}}