{"id":6703,"date":"2022-01-23T22:48:23","date_gmt":"2022-01-23T21:48:23","guid":{"rendered":"https:\/\/www.hml-fetish.de\/shop\/?post_type=product&#038;p=6703"},"modified":"2023-10-06T15:57:54","modified_gmt":"2023-10-06T13:57:54","slug":"loch-guertel","status":"publish","type":"product","link":"https:\/\/www.hml-fetish.de\/shop\/loch-guertel\/","title":{"rendered":"Loch-G\u00fcrtel"},"content":{"rendered":"<p>So verarbeiten wir Leder! Zwei Lagen verklebt, rundum abgesteppt, mit nickelfreien \u00d6sen verst\u00e4rkte L\u00f6cher &#8211; das ergibt einen G\u00fcrtel, an dem du lange Freude haben wirst. Mindestens so belastbar wie gleich dicke einlagige G\u00fcrtel, aber viel weicher und unempfindlicher gegen Feuchtigkeit und harte Beanspruchung. Das Personal tr\u00e4gt nach 20 Jahren immer noch den ersten G\u00fcrtel, weil er einfach nicht kaputtzukriegen ist.<\/p>\n<p>Ein stabiler und belastbarer G\u00fcrtel mit Zweidorn-Rollschnalle und \u00d6sen \u00fcber die gesamte L\u00e4nge, so da\u00df Du ihn auch als Fessel nutzen kannst. Ziehst Du Lederschn\u00fcre durch die \u00d6sen, kannst Du daran alles M\u00f6gliche befestigen. Diesen zweilagigen G\u00fcrtel bekommst Du in sieben Gr\u00f6ssen von S, M, L, XL bis zu XXL, XXXL und 4XL. Der G\u00fcrtel ist wahlweise 40 mm oder 50 mm breit und nat\u00fcrlich schwarz. So mu\u00df \u00bbmade in Germany\u00ab heute aussehen!<\/p>\n<p><img decoding=\"async\" title=\"Gr\u00f6\u00dfentabelle\" src=\"\/GIF\/size_belt.gif\" alt=\"Gr\u00f6\u00dfentabelle\" width=\"135\" height=\"196\" border=\"0\" \/><\/p>\n","protected":false},"excerpt":{"rendered":"<h4>Loch-G\u00fcrtel<\/h4>\n<p>Ein stabiler und belastbarer G\u00fcrtel mit Zweidorn Rollschnalle und \u00d6sen \u00fcber die gesamte L\u00e4nge, so da\u00df Du ihn auch als einfache Fessel nutzen kannst. Ziehst Du Lederschn\u00fcre durch die \u00d6sen, kannst Du daran alles M\u00f6gliche befestigen. Diesen zweilagigen G\u00fcrtel bekommst Du in sieben Gr\u00f6ssen von S, M, L, XL bis zu XXL, XXXL und 4XL. Der G\u00fcrtel ist wahlweise 40 mm oder 50 mm breit und nat\u00fcrlich schwarz.<\/p>\n","protected":false},"featured_media":24072,"comment_status":"open","ping_status":"closed","template":"","meta":[],"product_brand":[],"product_cat":[155,95,137],"product_tag":[4398],"class_list":{"0":"post-6703","1":"product","2":"type-product","3":"status-publish","4":"has-post-thumbnail","6":"product_cat-guertel-gurte-2","7":"product_cat-bestseller","8":"product_cat-bondage","9":"product_tag-hml-fetish-original","10":"product_shipping_class-paket","12":"first","13":"instock","14":"taxable","15":"shipping-taxable","16":"purchasable","17":"product-type-variable"},"_links":{"self":[{"href":"https:\/\/www.hml-fetish.de\/shop\/wp-json\/wp\/v2\/product\/6703","targetHints":{"allow":["GET"]}}],"collection":[{"href":"https:\/\/www.hml-fetish.de\/shop\/wp-json\/wp\/v2\/product"}],"about":[{"href":"https:\/\/www.hml-fetish.de\/shop\/wp-json\/wp\/v2\/types\/product"}],"replies":[{"embeddable":true,"href":"https:\/\/www.hml-fetish.de\/shop\/wp-json\/wp\/v2\/comments?post=6703"}],"version-history":[{"count":0,"href":"https:\/\/www.hml-fetish.de\/shop\/wp-json\/wp\/v2\/product\/6703\/revisions"}],"wp:featuredmedia":[{"embeddable":true,"href":"https:\/\/www.hml-fetish.de\/shop\/wp-json\/wp\/v2\/media\/24072"}],"wp:attachment":[{"href":"https:\/\/www.hml-fetish.de\/shop\/wp-json\/wp\/v2\/media?parent=6703"}],"wp:term":[{"taxonomy":"product_brand","embeddable":true,"href":"https:\/\/www.hml-fetish.de\/shop\/wp-json\/wp\/v2\/product_brand?post=6703"},{"taxonomy":"product_cat","embeddable":true,"href":"https:\/\/www.hml-fetish.de\/shop\/wp-json\/wp\/v2\/product_cat?post=6703"},{"taxonomy":"product_tag","embeddable":true,"href":"https:\/\/www.hml-fetish.de\/shop\/wp-json\/wp\/v2\/product_tag?post=6703"}],"curies":[{"name":"wp","href":"https:\/\/api.w.org\/{rel}","templated":true}]}}