{"id":6645,"date":"2022-01-23T22:47:29","date_gmt":"2022-01-23T21:47:29","guid":{"rendered":"https:\/\/www.hml-fetish.de\/shop\/?post_type=product&#038;p=6645"},"modified":"2022-05-21T13:51:51","modified_gmt":"2022-05-21T11:51:51","slug":"gay-pride-fahne","status":"publish","type":"product","link":"https:\/\/www.hml-fetish.de\/shop\/gay-pride-fahne\/","title":{"rendered":"Gay-Pride Fahne"},"content":{"rendered":"<p><P><B>Gay-Pride Flagge<\/B><br \/>\n<BR>F\u00fcr den n\u00e4chsten CSD oder Deinen Balkon haben wir zwei verschiedene Gr\u00f6\u00dfen mit dem sechsfarbigen Regenbogen am Lager:<br \/>\n<BR>45 cm x 30 cm Flagge mit Holzstiel<br \/>\n<BR>150 cm x 90 cm Fahne<\/P><\/p>\n","protected":false},"excerpt":{"rendered":"<h4>Gay-Pride Fahne<\/h4>\n<p><P><B>Gay-Pride Flagge<\/B><br \/>\n<BR>F\u00fcr den n\u00e4chsten CSD oder Deinen Balkon haben wir zwei verschiedene Gr\u00f6\u00dfen mit dem sechsfarbigen Regenbogen am Lager:<br \/>\n<BR>45 cm x 30 cm Flagge mit Holzstiel<br \/>\n<BR>150 cm x 90 cm Fahne<\/P><\/p>\n","protected":false},"featured_media":24659,"comment_status":"open","ping_status":"closed","template":"","meta":[],"product_brand":[],"product_cat":[125,108],"product_tag":[],"class_list":{"0":"post-6645","1":"product","2":"type-product","3":"status-publish","4":"has-post-thumbnail","6":"product_cat-gay-pride","7":"product_cat-restposten-einzelstuecke","8":"product_shipping_class-brief","10":"first","11":"instock","12":"sale","13":"taxable","14":"shipping-taxable","15":"purchasable","16":"product-type-variable"},"_links":{"self":[{"href":"https:\/\/www.hml-fetish.de\/shop\/wp-json\/wp\/v2\/product\/6645","targetHints":{"allow":["GET"]}}],"collection":[{"href":"https:\/\/www.hml-fetish.de\/shop\/wp-json\/wp\/v2\/product"}],"about":[{"href":"https:\/\/www.hml-fetish.de\/shop\/wp-json\/wp\/v2\/types\/product"}],"replies":[{"embeddable":true,"href":"https:\/\/www.hml-fetish.de\/shop\/wp-json\/wp\/v2\/comments?post=6645"}],"version-history":[{"count":0,"href":"https:\/\/www.hml-fetish.de\/shop\/wp-json\/wp\/v2\/product\/6645\/revisions"}],"wp:featuredmedia":[{"embeddable":true,"href":"https:\/\/www.hml-fetish.de\/shop\/wp-json\/wp\/v2\/media\/24659"}],"wp:attachment":[{"href":"https:\/\/www.hml-fetish.de\/shop\/wp-json\/wp\/v2\/media?parent=6645"}],"wp:term":[{"taxonomy":"product_brand","embeddable":true,"href":"https:\/\/www.hml-fetish.de\/shop\/wp-json\/wp\/v2\/product_brand?post=6645"},{"taxonomy":"product_cat","embeddable":true,"href":"https:\/\/www.hml-fetish.de\/shop\/wp-json\/wp\/v2\/product_cat?post=6645"},{"taxonomy":"product_tag","embeddable":true,"href":"https:\/\/www.hml-fetish.de\/shop\/wp-json\/wp\/v2\/product_tag?post=6645"}],"curies":[{"name":"wp","href":"https:\/\/api.w.org\/{rel}","templated":true}]}}