{"id":6638,"date":"2022-01-23T22:47:27","date_gmt":"2022-01-23T21:47:27","guid":{"rendered":"https:\/\/www.hml-fetish.de\/shop\/?post_type=product&#038;p=6638"},"modified":"2025-07-03T15:37:52","modified_gmt":"2025-07-03T13:37:52","slug":"lederfesseln-dreilagig-mit-schnalle","status":"publish","type":"product","link":"https:\/\/www.hml-fetish.de\/shop\/lederfesseln-dreilagig-mit-schnalle\/","title":{"rendered":"Lederfesseln dreilagig mit Schnalle"},"content":{"rendered":"<p><P>Die neue Designlinie der FH Ledermanufaktur jetzt in braunem oder schwarzem Leder! Diese mehrlagigen Lederfesseln sind 65 mm breit und mit Leder hinterlegt. Der aufgesetzte 30 mm breite Gurt ist ca. 3 mm dick, sehr belastbar und wird mit einer Schnalle geschlossen. Die umgelegten Kanten sind abgerundet, weich und schneiden nicht ein, egal, wie lange die Fesseln getragen werden. Mit einer Schnalle verschlie\u00dfbar und einstellbar. Inklusive Doppelkarabiner. Es gibt diese exklusiven Fesseln wahlweise als Handfesseln oder als Fu\u00dffesseln sowie im preisg\u00fcnstigem Set.<\/P><br \/>\n<P>Leder ist ein nat\u00fcrliches Material. Wenn Du es eine Weile getragen hast, wirst Du bemerken, da\u00df die Oberfl\u00e4che etwas nachdunkelt. Bei hellem Leder ist das normal. Es arbeitet und pa\u00dft sich an Dich an. So erh\u00e4ltst Du im Laufe der Jahre Dein ganz pers\u00f6nliches Unikat, sozusagen Deine zweite Haut!<\/P><br \/>\n<P><B>Produktsicherheit:<\/B><BR><br \/>\nAllergiehinweis: Material Rindleder, Metallteile mit Hautkontakt sind rost- und nickelfrei<BR><br \/>\nVerantwortliche Person<BR><br \/>\nHML, Inhaber Dr. Detlef Moller<BR><br \/>\nNeukirchstra\u00dfe 18<BR><br \/>\n28215 Bremen<BR><br \/>\nDeutschland<BR><br \/>\ninfo@hml-fetish.de<\/P><\/p>\n","protected":false},"excerpt":{"rendered":"<h4>Lederfesseln dreilagig mit Schnalle<\/h4>\n<p><P>Die neue Designlinie der FH Ledermanufaktur jetzt in braunem oder schwarzem Leder! Diese mehrlagigen Lederfesseln sind 65 mm breit und mit Leder hinterlegt. Der aufgesetzte 30 mm breite Gurt ist ca. 3 mm dick, sehr belastbar und wird mit einer Schnalle geschlossen. Die umgelegten Kanten sind abgerundet, weich und schneiden nicht ein, egal, wie lange die Fesseln getragen werden. Mit einer Schnalle verschlie\u00dfbar und einstellbar. Inklusive Doppelkarabiner. Es gibt diese exklusiven Fesseln wahlweise als Handfesseln oder als Fu\u00dffesseln.<\/P><\/p>\n","protected":false},"featured_media":24944,"comment_status":"open","ping_status":"closed","template":"","meta":[],"product_brand":[],"product_cat":[163,137],"product_tag":[3809,4398],"class_list":{"0":"post-6638","1":"product","2":"type-product","3":"status-publish","4":"has-post-thumbnail","6":"product_cat-lederfesseln","7":"product_cat-bondage","8":"product_tag-fh-ledermanufaktur","9":"product_tag-hml-fetish-original","10":"product_shipping_class-paket","12":"first","13":"instock","14":"taxable","15":"shipping-taxable","16":"purchasable","17":"product-type-variable"},"_links":{"self":[{"href":"https:\/\/www.hml-fetish.de\/shop\/wp-json\/wp\/v2\/product\/6638","targetHints":{"allow":["GET"]}}],"collection":[{"href":"https:\/\/www.hml-fetish.de\/shop\/wp-json\/wp\/v2\/product"}],"about":[{"href":"https:\/\/www.hml-fetish.de\/shop\/wp-json\/wp\/v2\/types\/product"}],"replies":[{"embeddable":true,"href":"https:\/\/www.hml-fetish.de\/shop\/wp-json\/wp\/v2\/comments?post=6638"}],"version-history":[{"count":0,"href":"https:\/\/www.hml-fetish.de\/shop\/wp-json\/wp\/v2\/product\/6638\/revisions"}],"wp:featuredmedia":[{"embeddable":true,"href":"https:\/\/www.hml-fetish.de\/shop\/wp-json\/wp\/v2\/media\/24944"}],"wp:attachment":[{"href":"https:\/\/www.hml-fetish.de\/shop\/wp-json\/wp\/v2\/media?parent=6638"}],"wp:term":[{"taxonomy":"product_brand","embeddable":true,"href":"https:\/\/www.hml-fetish.de\/shop\/wp-json\/wp\/v2\/product_brand?post=6638"},{"taxonomy":"product_cat","embeddable":true,"href":"https:\/\/www.hml-fetish.de\/shop\/wp-json\/wp\/v2\/product_cat?post=6638"},{"taxonomy":"product_tag","embeddable":true,"href":"https:\/\/www.hml-fetish.de\/shop\/wp-json\/wp\/v2\/product_tag?post=6638"}],"curies":[{"name":"wp","href":"https:\/\/api.w.org\/{rel}","templated":true}]}}