{"id":6637,"date":"2022-01-23T22:47:27","date_gmt":"2022-01-23T21:47:27","guid":{"rendered":"https:\/\/www.hml-fetish.de\/shop\/?post_type=product&#038;p=6637"},"modified":"2025-01-29T18:15:43","modified_gmt":"2025-01-29T17:15:43","slug":"lederguertel-geschnitten-schwarz-matt","status":"publish","type":"product","link":"https:\/\/www.hml-fetish.de\/shop\/lederguertel-geschnitten-schwarz-matt\/","title":{"rendered":"Lederg\u00fcrtel geschnitten schwarz matt"},"content":{"rendered":"<p><P>Aus der neuen Designlinie der FH Ledermanufaktur: ein ca. 3,5 mm dicker G\u00fcrtel von Hand aus mattem, schwarzem Leder geschnitten mit einer massiven Rollschnalle. Er ist robust und belastbar gearbeitet und sehr langlebig. Wir haben ihn pers\u00f6nlich getestet! Wir bieten ihn Dir in 40 mm oder 50 mm Breite und in verschiedenen Gr\u00f6\u00dfen an.<br \/>\n<BR><img decoding=\"async\" src=\"\/GIF\/size_unisex_down.gif\" alt=\"Gr\u00f6\u00dfentabelle\" title=\"Gr\u00f6\u00dfentabelle\" border=\"0\" height=\"194\" width=\"114\"><\/P><br \/>\n<P><B>Produktsicherheit:<\/B><BR><br \/>\nAllergiehinweis: Material Rindleder, Metallteile mit Hautkontakt sind rost- und nickelfrei<BR><br \/>\nVerantwortliche Person<BR><br \/>\nHML, Inhaber Dr. Detlef Moller<BR><br \/>\nNeukirchstra\u00dfe 18<BR><br \/>\n28215 Bremen<BR><br \/>\nDeutschland<BR><br \/>\ninfo@hml-fetish.de<\/P><\/p>\n","protected":false},"excerpt":{"rendered":"<h4>Lederg\u00fcrtel geschnitten schwarz matt<\/h4>\n<p><P>Aus der neuen Designlinie der FH-Ledermanufaktur: ein ca. 3,5 mm dicker G\u00fcrtel von Hand aus mattem, schwarzem Leder geschnitten mit einer massiven Rollschnalle. Er ist robust und belastbar gearbeitet und sehr langlebig. Wir bieten ihn Dir in 40 mm oder 50 mm Breite und in verschiedenen Gr\u00f6\u00dfen an.<\/P><\/p>\n","protected":false},"featured_media":24987,"comment_status":"open","ping_status":"closed","template":"","meta":[],"product_brand":[],"product_cat":[155],"product_tag":[3809,4398],"class_list":{"0":"post-6637","1":"product","2":"type-product","3":"status-publish","4":"has-post-thumbnail","6":"product_cat-guertel-gurte-2","7":"product_tag-fh-ledermanufaktur","8":"product_tag-hml-fetish-original","9":"product_shipping_class-paket","11":"first","12":"instock","13":"taxable","14":"shipping-taxable","15":"purchasable","16":"product-type-variable"},"_links":{"self":[{"href":"https:\/\/www.hml-fetish.de\/shop\/wp-json\/wp\/v2\/product\/6637","targetHints":{"allow":["GET"]}}],"collection":[{"href":"https:\/\/www.hml-fetish.de\/shop\/wp-json\/wp\/v2\/product"}],"about":[{"href":"https:\/\/www.hml-fetish.de\/shop\/wp-json\/wp\/v2\/types\/product"}],"replies":[{"embeddable":true,"href":"https:\/\/www.hml-fetish.de\/shop\/wp-json\/wp\/v2\/comments?post=6637"}],"version-history":[{"count":0,"href":"https:\/\/www.hml-fetish.de\/shop\/wp-json\/wp\/v2\/product\/6637\/revisions"}],"wp:featuredmedia":[{"embeddable":true,"href":"https:\/\/www.hml-fetish.de\/shop\/wp-json\/wp\/v2\/media\/24987"}],"wp:attachment":[{"href":"https:\/\/www.hml-fetish.de\/shop\/wp-json\/wp\/v2\/media?parent=6637"}],"wp:term":[{"taxonomy":"product_brand","embeddable":true,"href":"https:\/\/www.hml-fetish.de\/shop\/wp-json\/wp\/v2\/product_brand?post=6637"},{"taxonomy":"product_cat","embeddable":true,"href":"https:\/\/www.hml-fetish.de\/shop\/wp-json\/wp\/v2\/product_cat?post=6637"},{"taxonomy":"product_tag","embeddable":true,"href":"https:\/\/www.hml-fetish.de\/shop\/wp-json\/wp\/v2\/product_tag?post=6637"}],"curies":[{"name":"wp","href":"https:\/\/api.w.org\/{rel}","templated":true}]}}