{"id":6612,"date":"2022-01-23T22:47:01","date_gmt":"2022-01-23T21:47:01","guid":{"rendered":"https:\/\/www.hml-fetish.de\/shop\/?post_type=product&#038;p=6612"},"modified":"2022-05-27T18:10:55","modified_gmt":"2022-05-27T16:10:55","slug":"adapter-mystim-klinke","status":"publish","type":"product","link":"https:\/\/www.hml-fetish.de\/shop\/adapter-mystim-klinke\/","title":{"rendered":"Adapter Mystim-Klinke"},"content":{"rendered":"<p><P>Der Adapter f\u00fcr die Anschl\u00fcsse Deines Mystim Reizstromger\u00e4tes auf 2,5 mm Klinkenstecker. So kannst Du Deine e-Stim Box von Mystim mit noch viel mehr Zubeh\u00f6r verbinden.<\/P><\/p>\n","protected":false},"excerpt":{"rendered":"<h4>Adapter Mystim-Klinke<\/h4>\n<p><P>Der Adapter f\u00fcr die Anschl\u00fcsse Deines Mystim Reizstromger\u00e4tes auf die 2,5 mm Klinkenstecker.<\/P><\/p>\n","protected":false},"featured_media":25358,"comment_status":"open","ping_status":"closed","template":"","meta":[],"product_brand":[],"product_cat":[133],"product_tag":[4223],"class_list":{"0":"post-6612","1":"product","2":"type-product","3":"status-publish","4":"has-post-thumbnail","6":"product_cat-elektro","7":"product_tag-mystim","8":"product_shipping_class-brief","10":"first","11":"instock","12":"taxable","13":"shipping-taxable","14":"purchasable","15":"product-type-simple"},"_links":{"self":[{"href":"https:\/\/www.hml-fetish.de\/shop\/wp-json\/wp\/v2\/product\/6612","targetHints":{"allow":["GET"]}}],"collection":[{"href":"https:\/\/www.hml-fetish.de\/shop\/wp-json\/wp\/v2\/product"}],"about":[{"href":"https:\/\/www.hml-fetish.de\/shop\/wp-json\/wp\/v2\/types\/product"}],"replies":[{"embeddable":true,"href":"https:\/\/www.hml-fetish.de\/shop\/wp-json\/wp\/v2\/comments?post=6612"}],"version-history":[{"count":0,"href":"https:\/\/www.hml-fetish.de\/shop\/wp-json\/wp\/v2\/product\/6612\/revisions"}],"wp:featuredmedia":[{"embeddable":true,"href":"https:\/\/www.hml-fetish.de\/shop\/wp-json\/wp\/v2\/media\/25358"}],"wp:attachment":[{"href":"https:\/\/www.hml-fetish.de\/shop\/wp-json\/wp\/v2\/media?parent=6612"}],"wp:term":[{"taxonomy":"product_brand","embeddable":true,"href":"https:\/\/www.hml-fetish.de\/shop\/wp-json\/wp\/v2\/product_brand?post=6612"},{"taxonomy":"product_cat","embeddable":true,"href":"https:\/\/www.hml-fetish.de\/shop\/wp-json\/wp\/v2\/product_cat?post=6612"},{"taxonomy":"product_tag","embeddable":true,"href":"https:\/\/www.hml-fetish.de\/shop\/wp-json\/wp\/v2\/product_tag?post=6612"}],"curies":[{"name":"wp","href":"https:\/\/api.w.org\/{rel}","templated":true}]}}