{"id":6608,"date":"2022-01-23T22:47:00","date_gmt":"2022-01-23T21:47:00","guid":{"rendered":"https:\/\/www.hml-fetish.de\/shop\/?post_type=product&#038;p=6608"},"modified":"2024-11-25T08:38:24","modified_gmt":"2024-11-25T07:38:24","slug":"dog-tags","status":"publish","type":"product","link":"https:\/\/www.hml-fetish.de\/shop\/dog-tags\/","title":{"rendered":"Dog Tags"},"content":{"rendered":"<p><P>Die Erkennungsmarken der GIs. Ein Set von zwei Tags aus Aluminium. Blanco (silber oder schwarz), inklusive Kettchen und schwarzen Kantengummis (Silencers). Jetzt auch in zwei originellen Versionen: eine Platte mit Kette, einseitig mit Leatherpride-Flagge und Aufdruck \u00bbslave\u00ab oder \u00bbSir\u00ab \u00fcberzogen.<\/P><br \/>\n<P>Wichtig zu wissen ist, warum die zweite Marke mit einem kurzen Kettenst\u00fcck in die erste Marke eingeh\u00e4ngt ist. Ist der Soldat n\u00e4mlich im Felde gefallen, erhalten die Angeh\u00f6rigen die gro\u00dfe Kette zur\u00fcck. Die Marke an der kurzen Kette kommt aber um die gro\u00dfe Zehe, damit man den K\u00f6rper auch in der Leichenhalle identifizieren kann.<\/P><br \/>\n<P>Du h\u00e4ltst das f\u00fcr Infodump? Wir nicht, denn bei uns wurden bereits Marken reklamiert mit der Begr\u00fcndung, da\u00df man die kurze Kette nicht einmal als Cockring benutzen k\u00f6nne.<\/P><\/p>\n","protected":false},"excerpt":{"rendered":"<h4>Dog Tags<\/h4>\n<p><P>Die Erkennungsmarke der GIs. Ein Set von zwei Tags aus Aluminium. Blanco (silber oder schwarz), inklusive Kettchen und schwarzen Kantengummis (Silencers). Jetzt auch in zwei originellen Versionen: eine Platte mit Kette, einseitig mit Leatherpride-Flagge und Aufdruck \u00bbslave\u00ab oder \u00bbSir\u00ab \u00fcberzogen.<\/P><\/p>\n","protected":false},"featured_media":25425,"comment_status":"open","ping_status":"closed","template":"","meta":[],"product_brand":[],"product_cat":[169,149],"product_tag":[],"class_list":{"0":"post-6608","1":"product","2":"type-product","3":"status-publish","4":"has-post-thumbnail","6":"product_cat-army-accessoires","7":"product_cat-insignia","8":"product_shipping_class-brief","10":"first","11":"instock","12":"taxable","13":"shipping-taxable","14":"purchasable","15":"product-type-variable"},"_links":{"self":[{"href":"https:\/\/www.hml-fetish.de\/shop\/wp-json\/wp\/v2\/product\/6608","targetHints":{"allow":["GET"]}}],"collection":[{"href":"https:\/\/www.hml-fetish.de\/shop\/wp-json\/wp\/v2\/product"}],"about":[{"href":"https:\/\/www.hml-fetish.de\/shop\/wp-json\/wp\/v2\/types\/product"}],"replies":[{"embeddable":true,"href":"https:\/\/www.hml-fetish.de\/shop\/wp-json\/wp\/v2\/comments?post=6608"}],"version-history":[{"count":0,"href":"https:\/\/www.hml-fetish.de\/shop\/wp-json\/wp\/v2\/product\/6608\/revisions"}],"wp:featuredmedia":[{"embeddable":true,"href":"https:\/\/www.hml-fetish.de\/shop\/wp-json\/wp\/v2\/media\/25425"}],"wp:attachment":[{"href":"https:\/\/www.hml-fetish.de\/shop\/wp-json\/wp\/v2\/media?parent=6608"}],"wp:term":[{"taxonomy":"product_brand","embeddable":true,"href":"https:\/\/www.hml-fetish.de\/shop\/wp-json\/wp\/v2\/product_brand?post=6608"},{"taxonomy":"product_cat","embeddable":true,"href":"https:\/\/www.hml-fetish.de\/shop\/wp-json\/wp\/v2\/product_cat?post=6608"},{"taxonomy":"product_tag","embeddable":true,"href":"https:\/\/www.hml-fetish.de\/shop\/wp-json\/wp\/v2\/product_tag?post=6608"}],"curies":[{"name":"wp","href":"https:\/\/api.w.org\/{rel}","templated":true}]}}