{"id":6604,"date":"2022-01-23T22:46:59","date_gmt":"2022-01-23T21:46:59","guid":{"rendered":"https:\/\/www.hml-fetish.de\/shop\/?post_type=product&#038;p=6604"},"modified":"2022-05-29T15:08:18","modified_gmt":"2022-05-29T13:08:18","slug":"westler","status":"publish","type":"product","link":"https:\/\/www.hml-fetish.de\/shop\/westler\/","title":{"rendered":"Westler"},"content":{"rendered":"<p><P>Der Film erz\u00e4hlt die Geschichte des West-Berliners Felix, der sich bei einem Tagesbesuch mit einem amerikanischen Bekannten in den Ost-Berliner Thomas verliebt. Jeweils kurz vor Mitternacht muss Felix in die BRD zur\u00fcckkehren und nach einiger Zeit werden die Grenzbeamten ob der h\u00e4ufigen Einreise des jungen Mannes argw\u00f6hnisch. Felix und Thomas planen gemeinsam Thomas Flucht aus der DDR \u00fcber Prag. Ostalgie pur.<br \/>\n<BR>Spielzeit 94 Minuten. FSK16. Format PAL in 4:3 Screen.<\/P><\/p>\n","protected":false},"excerpt":{"rendered":"<h4>Westler<\/h4>\n<p><P>Der Film erz\u00e4hlt die Geschichte des West-Berliners Felix, der sich bei einem Tagesbesuch mit einem amerikanischen Bekannten in den Ost-Berliner Thomas verliebt. Jeweils kurz vor Mitternacht muss Felix in die BRD zur\u00fcckkehren und nach einiger Zeit werden die Grenzbeamten ob der h\u00e4ufigen Einreise des jungen Mannes argw\u00f6hnisch. Felix und Thomas planen gemeinsam Thomas Flucht aus der DDR \u00fcber Prag.<\/P><\/p>\n","protected":false},"featured_media":25545,"comment_status":"open","ping_status":"closed","template":"","meta":[],"product_brand":[],"product_cat":[128],"product_tag":[],"class_list":{"0":"post-6604","1":"product","2":"type-product","3":"status-publish","4":"has-post-thumbnail","6":"product_cat-spielfilme","7":"product_shipping_class-brief","9":"first","10":"instock","11":"taxable","12":"shipping-taxable","13":"purchasable","14":"product-type-simple"},"_links":{"self":[{"href":"https:\/\/www.hml-fetish.de\/shop\/wp-json\/wp\/v2\/product\/6604","targetHints":{"allow":["GET"]}}],"collection":[{"href":"https:\/\/www.hml-fetish.de\/shop\/wp-json\/wp\/v2\/product"}],"about":[{"href":"https:\/\/www.hml-fetish.de\/shop\/wp-json\/wp\/v2\/types\/product"}],"replies":[{"embeddable":true,"href":"https:\/\/www.hml-fetish.de\/shop\/wp-json\/wp\/v2\/comments?post=6604"}],"version-history":[{"count":0,"href":"https:\/\/www.hml-fetish.de\/shop\/wp-json\/wp\/v2\/product\/6604\/revisions"}],"wp:featuredmedia":[{"embeddable":true,"href":"https:\/\/www.hml-fetish.de\/shop\/wp-json\/wp\/v2\/media\/25545"}],"wp:attachment":[{"href":"https:\/\/www.hml-fetish.de\/shop\/wp-json\/wp\/v2\/media?parent=6604"}],"wp:term":[{"taxonomy":"product_brand","embeddable":true,"href":"https:\/\/www.hml-fetish.de\/shop\/wp-json\/wp\/v2\/product_brand?post=6604"},{"taxonomy":"product_cat","embeddable":true,"href":"https:\/\/www.hml-fetish.de\/shop\/wp-json\/wp\/v2\/product_cat?post=6604"},{"taxonomy":"product_tag","embeddable":true,"href":"https:\/\/www.hml-fetish.de\/shop\/wp-json\/wp\/v2\/product_tag?post=6604"}],"curies":[{"name":"wp","href":"https:\/\/api.w.org\/{rel}","templated":true}]}}