{"id":6522,"date":"2022-01-23T22:45:51","date_gmt":"2022-01-23T21:45:51","guid":{"rendered":"https:\/\/www.hml-fetish.de\/shop\/?post_type=product&#038;p=6522"},"modified":"2022-06-25T17:04:43","modified_gmt":"2022-06-25T15:04:43","slug":"aufkleber-mit-baerentatze-120-x-80-mm","status":"publish","type":"product","link":"https:\/\/www.hml-fetish.de\/shop\/aufkleber-mit-baerentatze-120-x-80-mm\/","title":{"rendered":"Aufkleber mit B\u00e4rentatze 120 x 80 mm"},"content":{"rendered":"<p><P>Dieser Gay-Pride Aufkleber hat zus\u00e4tzlich eine B\u00e4rentatze aufgedruckt und ist gedacht f\u00fcr die etwas b\u00e4rigeren, behaarten Typen. Unsere Aufkleber sind wetterfest und lichtecht, das hei\u00dft, sie bleichen auch nach Jahren in der Sonne nicht aus!<\/P><\/p>\n","protected":false},"excerpt":{"rendered":"<h4>Aufkleber mit B\u00e4rentatze 120 x 80 mm<\/h4>\n<p><P>Dieser Gay-Pride Aufkleber hat zus\u00e4tzlich eine B\u00e4rentatze aufgedruckt und ist gedacht f\u00fcr die etwas b\u00e4rigeren, behaarten Typen. Unsere Aufkleber sind wetterfest und lichtecht, das hei\u00dft, sie bleichen auch nach Jahren in der Sonne nicht aus!<\/P><\/p>\n","protected":false},"featured_media":26779,"comment_status":"open","ping_status":"closed","template":"","meta":[],"product_brand":[],"product_cat":[125],"product_tag":[4392],"class_list":{"0":"post-6522","1":"product","2":"type-product","3":"status-publish","4":"has-post-thumbnail","6":"product_cat-gay-pride","7":"product_tag-bestseller-zubehoer","8":"product_shipping_class-brief","10":"first","11":"instock","12":"taxable","13":"shipping-taxable","14":"purchasable","15":"product-type-simple"},"_links":{"self":[{"href":"https:\/\/www.hml-fetish.de\/shop\/wp-json\/wp\/v2\/product\/6522","targetHints":{"allow":["GET"]}}],"collection":[{"href":"https:\/\/www.hml-fetish.de\/shop\/wp-json\/wp\/v2\/product"}],"about":[{"href":"https:\/\/www.hml-fetish.de\/shop\/wp-json\/wp\/v2\/types\/product"}],"replies":[{"embeddable":true,"href":"https:\/\/www.hml-fetish.de\/shop\/wp-json\/wp\/v2\/comments?post=6522"}],"version-history":[{"count":0,"href":"https:\/\/www.hml-fetish.de\/shop\/wp-json\/wp\/v2\/product\/6522\/revisions"}],"wp:featuredmedia":[{"embeddable":true,"href":"https:\/\/www.hml-fetish.de\/shop\/wp-json\/wp\/v2\/media\/26779"}],"wp:attachment":[{"href":"https:\/\/www.hml-fetish.de\/shop\/wp-json\/wp\/v2\/media?parent=6522"}],"wp:term":[{"taxonomy":"product_brand","embeddable":true,"href":"https:\/\/www.hml-fetish.de\/shop\/wp-json\/wp\/v2\/product_brand?post=6522"},{"taxonomy":"product_cat","embeddable":true,"href":"https:\/\/www.hml-fetish.de\/shop\/wp-json\/wp\/v2\/product_cat?post=6522"},{"taxonomy":"product_tag","embeddable":true,"href":"https:\/\/www.hml-fetish.de\/shop\/wp-json\/wp\/v2\/product_tag?post=6522"}],"curies":[{"name":"wp","href":"https:\/\/api.w.org\/{rel}","templated":true}]}}