{"id":6490,"date":"2022-01-23T22:45:23","date_gmt":"2022-01-23T21:45:23","guid":{"rendered":"https:\/\/www.hml-fetish.de\/shop\/?post_type=product&#038;p=6490"},"modified":"2025-07-10T15:15:44","modified_gmt":"2025-07-10T13:15:44","slug":"butt-plug-68-mm","status":"publish","type":"product","link":"https:\/\/www.hml-fetish.de\/shop\/butt-plug-68-mm\/","title":{"rendered":"Butt-Plug 68 mm"},"content":{"rendered":"<p><P>Insgesamt 125 mm lang, bei einem Durchmesser von 68 mm, ist dies hier ein besonders kompakter und pilzf\u00f6rmiger Plug. Ein sch\u00f6n stabiles und standhaftes Ger\u00e4t aus weichem Vinylkautschuk, das Dir viel Freunde vor dem heimischen Kaminfeuer bereiten wird, falls gerade niemand anderes zur Hand ist.<\/P><\/p>\n","protected":false},"excerpt":{"rendered":"<h4>Butt-Plug 68 mm<\/h4>\n<p><P>Insgesamt 125 mm lang, bei einem Durchmesser von 68 mm, ist dies hier ein besonders kompakter und pilzf\u00f6rmiger Plug. Ein sch\u00f6n stabiles und standhaftes Ger\u00e4t aus weichem Vinylkautschuk, das Dir viel Freunde vor dem heimischen Kaminfeuer bereiten wird, falls gerade niemand anderes zur Hand ist.<\/P><\/p>\n","protected":false},"featured_media":27278,"comment_status":"open","ping_status":"closed","template":"","meta":[],"product_brand":[],"product_cat":[139],"product_tag":[],"class_list":{"0":"post-6490","1":"product","2":"type-product","3":"status-publish","4":"has-post-thumbnail","6":"product_cat-plugs","7":"product_shipping_class-paket","9":"first","10":"instock","11":"taxable","12":"shipping-taxable","13":"purchasable","14":"product-type-simple"},"_links":{"self":[{"href":"https:\/\/www.hml-fetish.de\/shop\/wp-json\/wp\/v2\/product\/6490","targetHints":{"allow":["GET"]}}],"collection":[{"href":"https:\/\/www.hml-fetish.de\/shop\/wp-json\/wp\/v2\/product"}],"about":[{"href":"https:\/\/www.hml-fetish.de\/shop\/wp-json\/wp\/v2\/types\/product"}],"replies":[{"embeddable":true,"href":"https:\/\/www.hml-fetish.de\/shop\/wp-json\/wp\/v2\/comments?post=6490"}],"version-history":[{"count":0,"href":"https:\/\/www.hml-fetish.de\/shop\/wp-json\/wp\/v2\/product\/6490\/revisions"}],"wp:featuredmedia":[{"embeddable":true,"href":"https:\/\/www.hml-fetish.de\/shop\/wp-json\/wp\/v2\/media\/27278"}],"wp:attachment":[{"href":"https:\/\/www.hml-fetish.de\/shop\/wp-json\/wp\/v2\/media?parent=6490"}],"wp:term":[{"taxonomy":"product_brand","embeddable":true,"href":"https:\/\/www.hml-fetish.de\/shop\/wp-json\/wp\/v2\/product_brand?post=6490"},{"taxonomy":"product_cat","embeddable":true,"href":"https:\/\/www.hml-fetish.de\/shop\/wp-json\/wp\/v2\/product_cat?post=6490"},{"taxonomy":"product_tag","embeddable":true,"href":"https:\/\/www.hml-fetish.de\/shop\/wp-json\/wp\/v2\/product_tag?post=6490"}],"curies":[{"name":"wp","href":"https:\/\/api.w.org\/{rel}","templated":true}]}}