{"id":6480,"date":"2022-01-23T22:45:21","date_gmt":"2022-01-23T21:45:21","guid":{"rendered":"https:\/\/www.hml-fetish.de\/shop\/?post_type=product&#038;p=6480"},"modified":"2022-06-25T16:54:03","modified_gmt":"2022-06-25T14:54:03","slug":"dildo-35-mm","status":"publish","type":"product","link":"https:\/\/www.hml-fetish.de\/shop\/dildo-35-mm\/","title":{"rendered":"Dildo 35 mm"},"content":{"rendered":"<p><P>Nee, nicht jetzt. Ich habe Kopfschmerzen! Heute nicht &#8211; S\u00e4tze, die du von ihm nie h\u00f6ren wirst. Und au\u00dferdem ist er auch ganz gut gebaut mit seinen 35 mm Durchmesser. Gegossen aus schwarzem Vinylkautschuk und etwa 210 mm lang.<\/P><\/p>\n","protected":false},"excerpt":{"rendered":"<h4>Dildo 35 mm<\/h4>\n<p><P>Nee, nicht jetzt. Ich habe Kopfschmerzen! Heute nicht &#8211; S\u00e4tze, die du von ihm nie h\u00f6ren wirst. Und au\u00dferdem ist er auch ganz gut gebaut mit seinen 35 mm Durchmesser. Gegossen aus schwarzem Vinylkautschuk und etwa 210 mm lang.<\/P><\/p>\n","protected":false},"featured_media":27433,"comment_status":"open","ping_status":"closed","template":"","meta":[],"product_brand":[],"product_cat":[131],"product_tag":[4368],"class_list":{"0":"post-6480","1":"product","2":"type-product","3":"status-publish","4":"has-post-thumbnail","6":"product_cat-dildos","7":"product_tag-bestseller-toys-bdsm","8":"product_shipping_class-paket","10":"first","11":"instock","12":"taxable","13":"shipping-taxable","14":"purchasable","15":"product-type-simple"},"_links":{"self":[{"href":"https:\/\/www.hml-fetish.de\/shop\/wp-json\/wp\/v2\/product\/6480","targetHints":{"allow":["GET"]}}],"collection":[{"href":"https:\/\/www.hml-fetish.de\/shop\/wp-json\/wp\/v2\/product"}],"about":[{"href":"https:\/\/www.hml-fetish.de\/shop\/wp-json\/wp\/v2\/types\/product"}],"replies":[{"embeddable":true,"href":"https:\/\/www.hml-fetish.de\/shop\/wp-json\/wp\/v2\/comments?post=6480"}],"version-history":[{"count":0,"href":"https:\/\/www.hml-fetish.de\/shop\/wp-json\/wp\/v2\/product\/6480\/revisions"}],"wp:featuredmedia":[{"embeddable":true,"href":"https:\/\/www.hml-fetish.de\/shop\/wp-json\/wp\/v2\/media\/27433"}],"wp:attachment":[{"href":"https:\/\/www.hml-fetish.de\/shop\/wp-json\/wp\/v2\/media?parent=6480"}],"wp:term":[{"taxonomy":"product_brand","embeddable":true,"href":"https:\/\/www.hml-fetish.de\/shop\/wp-json\/wp\/v2\/product_brand?post=6480"},{"taxonomy":"product_cat","embeddable":true,"href":"https:\/\/www.hml-fetish.de\/shop\/wp-json\/wp\/v2\/product_cat?post=6480"},{"taxonomy":"product_tag","embeddable":true,"href":"https:\/\/www.hml-fetish.de\/shop\/wp-json\/wp\/v2\/product_tag?post=6480"}],"curies":[{"name":"wp","href":"https:\/\/api.w.org\/{rel}","templated":true}]}}