{"id":6447,"date":"2022-01-23T22:44:56","date_gmt":"2022-01-23T21:44:56","guid":{"rendered":"https:\/\/www.hml-fetish.de\/shop\/?post_type=product&#038;p=6447"},"modified":"2022-06-18T12:35:52","modified_gmt":"2022-06-18T10:35:52","slug":"elektro-plug-rund","status":"publish","type":"product","link":"https:\/\/www.hml-fetish.de\/shop\/elektro-plug-rund\/","title":{"rendered":"Elektro-Plug rund 35 mm"},"content":{"rendered":"<p><P>Ein zweipoliger Butt-Plug, der zu unserem Reizstrom-Ger\u00e4t passt. Er ist aus schwerem, medizinischem Edelstahl gefertigt. Diesen runden Plug gibt&#8217;s mit 35 mm Durchmesser. Bitte mit besonderer Vorsicht an den Reglern des Generators walten! Dieser Elektro-Plug kann ein sanftes Kribbeln ausl\u00f6sen, aber auch ziemlich heftige Empfindungen. Dieses Ger\u00e4t ben\u00f6tigt f\u00fcr die Stromversorgung das Mystim Reizstromger\u00e4t. Es ist nicht im Preis enthalten!<\/P><\/p>\n","protected":false},"excerpt":{"rendered":"<h4>Elektro-Plug rund 35 mm<\/h4>\n<p><P>Ein zweipoliger Butt-Plug, der zu unserem Reizstrom-Ger\u00e4t passt. Er ist aus schwerem, medizinischem Edelstahl gefertigt. Diesen runden Plug gibt&#8217;s mit 35 mm Durchmesser. Bitte mit besonderer Vorsicht an den Reglern des Generators walten!<\/P><\/p>\n","protected":false},"featured_media":28105,"comment_status":"open","ping_status":"closed","template":"","meta":[],"product_brand":[],"product_cat":[133,108],"product_tag":[],"class_list":{"0":"post-6447","1":"product","2":"type-product","3":"status-publish","4":"has-post-thumbnail","6":"product_cat-elektro","7":"product_cat-restposten-einzelstuecke","8":"product_shipping_class-brief","10":"first","11":"instock","12":"taxable","13":"shipping-taxable","14":"purchasable","15":"product-type-simple"},"_links":{"self":[{"href":"https:\/\/www.hml-fetish.de\/shop\/wp-json\/wp\/v2\/product\/6447","targetHints":{"allow":["GET"]}}],"collection":[{"href":"https:\/\/www.hml-fetish.de\/shop\/wp-json\/wp\/v2\/product"}],"about":[{"href":"https:\/\/www.hml-fetish.de\/shop\/wp-json\/wp\/v2\/types\/product"}],"replies":[{"embeddable":true,"href":"https:\/\/www.hml-fetish.de\/shop\/wp-json\/wp\/v2\/comments?post=6447"}],"version-history":[{"count":0,"href":"https:\/\/www.hml-fetish.de\/shop\/wp-json\/wp\/v2\/product\/6447\/revisions"}],"wp:featuredmedia":[{"embeddable":true,"href":"https:\/\/www.hml-fetish.de\/shop\/wp-json\/wp\/v2\/media\/28105"}],"wp:attachment":[{"href":"https:\/\/www.hml-fetish.de\/shop\/wp-json\/wp\/v2\/media?parent=6447"}],"wp:term":[{"taxonomy":"product_brand","embeddable":true,"href":"https:\/\/www.hml-fetish.de\/shop\/wp-json\/wp\/v2\/product_brand?post=6447"},{"taxonomy":"product_cat","embeddable":true,"href":"https:\/\/www.hml-fetish.de\/shop\/wp-json\/wp\/v2\/product_cat?post=6447"},{"taxonomy":"product_tag","embeddable":true,"href":"https:\/\/www.hml-fetish.de\/shop\/wp-json\/wp\/v2\/product_tag?post=6447"}],"curies":[{"name":"wp","href":"https:\/\/api.w.org\/{rel}","templated":true}]}}