{"id":6440,"date":"2022-01-23T22:44:53","date_gmt":"2022-01-23T21:44:53","guid":{"rendered":"https:\/\/www.hml-fetish.de\/shop\/?post_type=product&#038;p=6440"},"modified":"2025-08-22T16:24:31","modified_gmt":"2025-08-22T14:24:31","slug":"dildo-60-mm","status":"publish","type":"product","link":"https:\/\/www.hml-fetish.de\/shop\/dildo-60-mm\/","title":{"rendered":"Dildo 60 mm"},"content":{"rendered":"<p><P>Gegossen aus schwarzem Vinylkautschuk, ca. 1.050 g schwer und etwa 255 mm lang ist dieser 60 mm starke Dildo ein schweres Kaliber f\u00fcr das Aufbautraining. Die Standfl\u00e4che ist eingew\u00f6lbt, so da\u00df ein leichter Saugnapfeffekt auf glatten Oberfl\u00e4chen entsteht.<\/P><\/p>\n","protected":false},"excerpt":{"rendered":"<h4>Dildo 60 mm<\/h4>\n<p><P>Gegossen aus schwarzem Vinylkautschuk, ca. 1.050 g schwer und etwa 255 mm lang ist dieser 60 mm starke Dildo ein schweres Kaliber f\u00fcr das Aufbautraining. Die Standfl\u00e4che ist eingew\u00f6lbt, so da\u00df ein leichter Saugnapfeffekt auf glatten Oberfl\u00e4chen entsteht.<\/P><\/p>\n","protected":false},"featured_media":28288,"comment_status":"open","ping_status":"closed","template":"","meta":[],"product_brand":[],"product_cat":[131,95],"product_tag":[],"class_list":{"0":"post-6440","1":"product","2":"type-product","3":"status-publish","4":"has-post-thumbnail","6":"product_cat-dildos","7":"product_cat-bestseller","8":"product_shipping_class-paket","10":"first","11":"instock","12":"taxable","13":"shipping-taxable","14":"purchasable","15":"product-type-simple"},"_links":{"self":[{"href":"https:\/\/www.hml-fetish.de\/shop\/wp-json\/wp\/v2\/product\/6440","targetHints":{"allow":["GET"]}}],"collection":[{"href":"https:\/\/www.hml-fetish.de\/shop\/wp-json\/wp\/v2\/product"}],"about":[{"href":"https:\/\/www.hml-fetish.de\/shop\/wp-json\/wp\/v2\/types\/product"}],"replies":[{"embeddable":true,"href":"https:\/\/www.hml-fetish.de\/shop\/wp-json\/wp\/v2\/comments?post=6440"}],"version-history":[{"count":0,"href":"https:\/\/www.hml-fetish.de\/shop\/wp-json\/wp\/v2\/product\/6440\/revisions"}],"wp:featuredmedia":[{"embeddable":true,"href":"https:\/\/www.hml-fetish.de\/shop\/wp-json\/wp\/v2\/media\/28288"}],"wp:attachment":[{"href":"https:\/\/www.hml-fetish.de\/shop\/wp-json\/wp\/v2\/media?parent=6440"}],"wp:term":[{"taxonomy":"product_brand","embeddable":true,"href":"https:\/\/www.hml-fetish.de\/shop\/wp-json\/wp\/v2\/product_brand?post=6440"},{"taxonomy":"product_cat","embeddable":true,"href":"https:\/\/www.hml-fetish.de\/shop\/wp-json\/wp\/v2\/product_cat?post=6440"},{"taxonomy":"product_tag","embeddable":true,"href":"https:\/\/www.hml-fetish.de\/shop\/wp-json\/wp\/v2\/product_tag?post=6440"}],"curies":[{"name":"wp","href":"https:\/\/api.w.org\/{rel}","templated":true}]}}