{"id":6437,"date":"2022-01-23T22:44:31","date_gmt":"2022-01-23T21:44:31","guid":{"rendered":"https:\/\/www.hml-fetish.de\/shop\/?post_type=product&#038;p=6437"},"modified":"2025-08-22T16:08:38","modified_gmt":"2025-08-22T14:08:38","slug":"dildo-47-mm","status":"publish","type":"product","link":"https:\/\/www.hml-fetish.de\/shop\/dildo-47-mm\/","title":{"rendered":"Dildo 47 mm"},"content":{"rendered":"<p><P>Aus schwarzem Vinylkautschuk gefertigt ist dieser ca. 550 g schwere Dildo. Er ist etwa 220 mm lang und etwa 47 mm stark. Die Standfl\u00e4che ist eingew\u00f6lbt, so da\u00df ein leichter Saugnapfeffekt auf glatten Oberfl\u00e4chen entsteht.<\/P><\/p>\n","protected":false},"excerpt":{"rendered":"<h4>Dildo 47 mm<\/h4>\n<p><P>Aus schwarzem Vinylkautschuk gefertigt ist dieser ca. 550 g schwere Dildo. Er ist etwa 220 mm lang und etwa 47 mm stark. Die Standfl\u00e4che ist eingew\u00f6lbt, so da\u00df ein leichter Saugnapfeffekt auf glatten Oberfl\u00e4chen entsteht.<\/P><\/p>\n","protected":false},"featured_media":28311,"comment_status":"open","ping_status":"closed","template":"","meta":[],"product_brand":[],"product_cat":[131,95],"product_tag":[],"class_list":{"0":"post-6437","1":"product","2":"type-product","3":"status-publish","4":"has-post-thumbnail","6":"product_cat-dildos","7":"product_cat-bestseller","8":"product_shipping_class-paket","10":"first","11":"instock","12":"taxable","13":"shipping-taxable","14":"purchasable","15":"product-type-simple"},"_links":{"self":[{"href":"https:\/\/www.hml-fetish.de\/shop\/wp-json\/wp\/v2\/product\/6437","targetHints":{"allow":["GET"]}}],"collection":[{"href":"https:\/\/www.hml-fetish.de\/shop\/wp-json\/wp\/v2\/product"}],"about":[{"href":"https:\/\/www.hml-fetish.de\/shop\/wp-json\/wp\/v2\/types\/product"}],"replies":[{"embeddable":true,"href":"https:\/\/www.hml-fetish.de\/shop\/wp-json\/wp\/v2\/comments?post=6437"}],"version-history":[{"count":0,"href":"https:\/\/www.hml-fetish.de\/shop\/wp-json\/wp\/v2\/product\/6437\/revisions"}],"wp:featuredmedia":[{"embeddable":true,"href":"https:\/\/www.hml-fetish.de\/shop\/wp-json\/wp\/v2\/media\/28311"}],"wp:attachment":[{"href":"https:\/\/www.hml-fetish.de\/shop\/wp-json\/wp\/v2\/media?parent=6437"}],"wp:term":[{"taxonomy":"product_brand","embeddable":true,"href":"https:\/\/www.hml-fetish.de\/shop\/wp-json\/wp\/v2\/product_brand?post=6437"},{"taxonomy":"product_cat","embeddable":true,"href":"https:\/\/www.hml-fetish.de\/shop\/wp-json\/wp\/v2\/product_cat?post=6437"},{"taxonomy":"product_tag","embeddable":true,"href":"https:\/\/www.hml-fetish.de\/shop\/wp-json\/wp\/v2\/product_tag?post=6437"}],"curies":[{"name":"wp","href":"https:\/\/api.w.org\/{rel}","templated":true}]}}