{"id":6417,"date":"2022-01-23T22:44:23","date_gmt":"2022-01-23T21:44:23","guid":{"rendered":"https:\/\/www.hml-fetish.de\/shop\/?post_type=product&#038;p=6417"},"modified":"2026-02-17T13:12:13","modified_gmt":"2026-02-17T12:12:13","slug":"netz-muskelshirt-yanik","status":"publish","type":"product","link":"https:\/\/www.hml-fetish.de\/shop\/netz-muskelshirt-yanik\/","title":{"rendered":"Netz-Muskelshirt Yanik Gr\u00f6\u00dfe M"},"content":{"rendered":"<p><P>Ein knackig figurbetontes Muskelhemd in leicht durchsichtigen, schwarzem Netzgewebe von barcode-Berlin. Hergestellt aus 100% Baumwolle. Auf der Brust ist ein schickes, rotes Logo aufgen\u00e4ht. Nur noch in Gr\u00f6\u00dfe M lieferbar!<br \/>\n<BR><img decoding=\"async\" src=\"\/GIF\/size_unisex_sp.gif\" alt=\"Gr\u00f6\u00dfentabelle\" title=\"Gr\u00f6\u00dfentabelle\" border=\"0\" height=\"194\" width=\"114\"><br \/>\n<BR><IMG SRC=\"\/template\/barcode.gif\" ALT=\"barcode Berlin\" TITLE=\"barcode Berlin\"><\/P><\/p>\n","protected":false},"excerpt":{"rendered":"<h4>Netz-Muskelshirt Yanik Gr\u00f6\u00dfe M<\/h4>\n<p><P>Ein knackig figurbetontes Muskelhemd in leicht durchsichtigen, schwarzem Netzgewebe von barcode-Berlin. Hergestellt aus 100% Baumwolle. Auf der Brust ist ein schickes, rotes Logo aufgen\u00e4ht.<\/P><\/p>\n","protected":false},"featured_media":28803,"comment_status":"open","ping_status":"closed","template":"","meta":[],"product_brand":[],"product_cat":[116,108],"product_tag":[],"class_list":{"0":"post-6417","1":"product","2":"type-product","3":"status-publish","4":"has-post-thumbnail","6":"product_cat-shirts-tops","7":"product_cat-restposten-einzelstuecke","8":"product_shipping_class-brief","10":"first","11":"instock","12":"sale","13":"taxable","14":"shipping-taxable","15":"purchasable","16":"product-type-simple"},"_links":{"self":[{"href":"https:\/\/www.hml-fetish.de\/shop\/wp-json\/wp\/v2\/product\/6417","targetHints":{"allow":["GET"]}}],"collection":[{"href":"https:\/\/www.hml-fetish.de\/shop\/wp-json\/wp\/v2\/product"}],"about":[{"href":"https:\/\/www.hml-fetish.de\/shop\/wp-json\/wp\/v2\/types\/product"}],"replies":[{"embeddable":true,"href":"https:\/\/www.hml-fetish.de\/shop\/wp-json\/wp\/v2\/comments?post=6417"}],"version-history":[{"count":0,"href":"https:\/\/www.hml-fetish.de\/shop\/wp-json\/wp\/v2\/product\/6417\/revisions"}],"wp:featuredmedia":[{"embeddable":true,"href":"https:\/\/www.hml-fetish.de\/shop\/wp-json\/wp\/v2\/media\/28803"}],"wp:attachment":[{"href":"https:\/\/www.hml-fetish.de\/shop\/wp-json\/wp\/v2\/media?parent=6417"}],"wp:term":[{"taxonomy":"product_brand","embeddable":true,"href":"https:\/\/www.hml-fetish.de\/shop\/wp-json\/wp\/v2\/product_brand?post=6417"},{"taxonomy":"product_cat","embeddable":true,"href":"https:\/\/www.hml-fetish.de\/shop\/wp-json\/wp\/v2\/product_cat?post=6417"},{"taxonomy":"product_tag","embeddable":true,"href":"https:\/\/www.hml-fetish.de\/shop\/wp-json\/wp\/v2\/product_tag?post=6417"}],"curies":[{"name":"wp","href":"https:\/\/api.w.org\/{rel}","templated":true}]}}