{"id":6412,"date":"2022-01-23T22:44:21","date_gmt":"2022-01-23T21:44:21","guid":{"rendered":"https:\/\/www.hml-fetish.de\/shop\/?post_type=product&#038;p=6412"},"modified":"2024-11-25T08:43:14","modified_gmt":"2024-11-25T07:43:14","slug":"kleiner-koppel","status":"publish","type":"product","link":"https:\/\/www.hml-fetish.de\/shop\/kleiner-koppel\/","title":{"rendered":"Kleiner Koppel"},"content":{"rendered":"<p><P>Dieses Set ist schwarz, 8-teilig und hat eine Polypropylen-Einlage. Es ist hergestellt aus stabilem Webg\u00fcrtelmaterial (100 % Nylon 1000 D) und beinhaltet ein folgendes Zubeh\u00f6r: Pistolenholster, Handschellenetui, Sicherheitsband f\u00fcr Pistole, Taschenlampenetui, Verteidigungsspray-Tasche und 2 G\u00fcrtelhalter. Die Pistole ist nur Dekoration und wird nicht mit verkauft. Universalgr\u00f6\u00dfe bis zur G\u00fcrtell\u00e4nge 120 cm.<\/P><\/p>\n","protected":false},"excerpt":{"rendered":"<h4>Kleiner Koppel<\/h4>\n<p><P>Dieses Set ist schwarz, 8-teilig und hat eine Polypropylen-Einlage. Es ist hergestellt aus stabilem Webg\u00fcrtelmaterial (100 % Nylon 1000 D) und beinhaltet ein folgendes Zubeh\u00f6r: Pistolenholster, Handschellenetui, Sicherheitsband f\u00fcr Pistole, Taschenlampenetui, Verteidigungsspray-Tasche und 2 G\u00fcrtelhalter.<\/P><\/p>\n","protected":false},"featured_media":28873,"comment_status":"open","ping_status":"closed","template":"","meta":[],"product_brand":[],"product_cat":[148,169],"product_tag":[],"class_list":{"0":"post-6412","1":"product","2":"type-product","3":"status-publish","4":"has-post-thumbnail","6":"product_cat-guertel-gurte","7":"product_cat-army-accessoires","8":"product_shipping_class-paket","10":"first","11":"instock","12":"taxable","13":"shipping-taxable","14":"purchasable","15":"product-type-simple"},"_links":{"self":[{"href":"https:\/\/www.hml-fetish.de\/shop\/wp-json\/wp\/v2\/product\/6412","targetHints":{"allow":["GET"]}}],"collection":[{"href":"https:\/\/www.hml-fetish.de\/shop\/wp-json\/wp\/v2\/product"}],"about":[{"href":"https:\/\/www.hml-fetish.de\/shop\/wp-json\/wp\/v2\/types\/product"}],"replies":[{"embeddable":true,"href":"https:\/\/www.hml-fetish.de\/shop\/wp-json\/wp\/v2\/comments?post=6412"}],"version-history":[{"count":0,"href":"https:\/\/www.hml-fetish.de\/shop\/wp-json\/wp\/v2\/product\/6412\/revisions"}],"wp:featuredmedia":[{"embeddable":true,"href":"https:\/\/www.hml-fetish.de\/shop\/wp-json\/wp\/v2\/media\/28873"}],"wp:attachment":[{"href":"https:\/\/www.hml-fetish.de\/shop\/wp-json\/wp\/v2\/media?parent=6412"}],"wp:term":[{"taxonomy":"product_brand","embeddable":true,"href":"https:\/\/www.hml-fetish.de\/shop\/wp-json\/wp\/v2\/product_brand?post=6412"},{"taxonomy":"product_cat","embeddable":true,"href":"https:\/\/www.hml-fetish.de\/shop\/wp-json\/wp\/v2\/product_cat?post=6412"},{"taxonomy":"product_tag","embeddable":true,"href":"https:\/\/www.hml-fetish.de\/shop\/wp-json\/wp\/v2\/product_tag?post=6412"}],"curies":[{"name":"wp","href":"https:\/\/api.w.org\/{rel}","templated":true}]}}