{"id":6395,"date":"2022-01-23T22:43:58","date_gmt":"2022-01-23T21:43:58","guid":{"rendered":"https:\/\/www.hml-fetish.de\/shop\/?post_type=product&#038;p=6395"},"modified":"2025-06-24T17:25:35","modified_gmt":"2025-06-24T15:25:35","slug":"reitgerte-mit-spikes","status":"publish","type":"product","link":"https:\/\/www.hml-fetish.de\/shop\/reitgerte-mit-spikes\/","title":{"rendered":"Reitgerte mit Spikes"},"content":{"rendered":"<p><P>Diese schwere Reitgerte hat einen lackierten und glatt polierten Holzgriff und eine Halteschlaufe und ist etwa 50 cm lang. Die Besonderheit dieses Klopfers sind die kleinen, eingearbeiteten Dornen. Sie erheben sich kaum \u00fcber die Oberfl\u00e4che des Leders, zwirbeln beim Zuschlagen aber ordentlich. Je nach Intensit\u00e4t und Richtung des Schlages hinterlassen sie auch Kratzer auf der Haut. \u00dcbe also lieber zun\u00e4chst an Dir selbst, damit Du ihre Wirkung einzusch\u00e4tzen lernst!<\/P><\/p>\n","protected":false},"excerpt":{"rendered":"<h4>Reitgerte mit Spikes<\/h4>\n<p><P>Diese schwere Reitgerte hat einen lackierten und glatt polierten Holzgriff und eine Halteschlaufe und ist etwa 50 cm lang. Die Besonderheit dieses Klopfers sind die kleinen, eingearbeiteten Dornen. Sie erheben sich kaum \u00fcber die Oberfl\u00e4che des Leders, zwirbeln beim Zuschlagen aber ordentlich. Je nach Intensit\u00e4t und Richtung des Schlages hinterlassen sie auch Kratzer auf der Haut. \u00dcbe also lieber zun\u00e4chst an Dir selbst, damit Du ihre Wirkung einzusch\u00e4tzen lernst!<\/P><\/p>\n","protected":false},"featured_media":37713,"comment_status":"open","ping_status":"closed","template":"","meta":[],"product_brand":[],"product_cat":[134,106],"product_tag":[],"class_list":{"0":"post-6395","1":"product","2":"type-product","3":"status-publish","4":"has-post-thumbnail","6":"product_cat-flag","7":"product_cat-neu-bei-hml","8":"product_shipping_class-paket","10":"first","11":"instock","12":"taxable","13":"shipping-taxable","14":"purchasable","15":"product-type-simple"},"_links":{"self":[{"href":"https:\/\/www.hml-fetish.de\/shop\/wp-json\/wp\/v2\/product\/6395","targetHints":{"allow":["GET"]}}],"collection":[{"href":"https:\/\/www.hml-fetish.de\/shop\/wp-json\/wp\/v2\/product"}],"about":[{"href":"https:\/\/www.hml-fetish.de\/shop\/wp-json\/wp\/v2\/types\/product"}],"replies":[{"embeddable":true,"href":"https:\/\/www.hml-fetish.de\/shop\/wp-json\/wp\/v2\/comments?post=6395"}],"version-history":[{"count":0,"href":"https:\/\/www.hml-fetish.de\/shop\/wp-json\/wp\/v2\/product\/6395\/revisions"}],"wp:featuredmedia":[{"embeddable":true,"href":"https:\/\/www.hml-fetish.de\/shop\/wp-json\/wp\/v2\/media\/37713"}],"wp:attachment":[{"href":"https:\/\/www.hml-fetish.de\/shop\/wp-json\/wp\/v2\/media?parent=6395"}],"wp:term":[{"taxonomy":"product_brand","embeddable":true,"href":"https:\/\/www.hml-fetish.de\/shop\/wp-json\/wp\/v2\/product_brand?post=6395"},{"taxonomy":"product_cat","embeddable":true,"href":"https:\/\/www.hml-fetish.de\/shop\/wp-json\/wp\/v2\/product_cat?post=6395"},{"taxonomy":"product_tag","embeddable":true,"href":"https:\/\/www.hml-fetish.de\/shop\/wp-json\/wp\/v2\/product_tag?post=6395"}],"curies":[{"name":"wp","href":"https:\/\/api.w.org\/{rel}","templated":true}]}}