{"id":6394,"date":"2022-01-23T22:43:57","date_gmt":"2022-01-23T21:43:57","guid":{"rendered":"https:\/\/www.hml-fetish.de\/shop\/?post_type=product&#038;p=6394"},"modified":"2022-06-21T16:01:32","modified_gmt":"2022-06-21T14:01:32","slug":"rosshaar-plug","status":"publish","type":"product","link":"https:\/\/www.hml-fetish.de\/shop\/rosshaar-plug\/","title":{"rendered":"Ro\u00dfhaar Plug"},"content":{"rendered":"<p><P>Passend zu unserem Pony-Harness: ein Plug aus sehr glatt poliertem und schwarz lackiertem Holz, an den ein Schweif aus echtem Pferdehaar angearbeitet ist. F\u00fcr all die Freunde des Petplay ist es das fehlende Detail f\u00fcr ein perfektes Outfit. Dein Hengst wird begeistert sein! Der Plug hat 40 mm Durchmesser und die Gesamtl\u00e4nge mit Schweif betr\u00e4gt etwa 70 cm.<\/P><\/p>\n","protected":false},"excerpt":{"rendered":"<h4>Ro\u00dfhaar Plug<\/h4>\n<p><P>Passend zu unserem Pony-Harness: ein Plug aus sehr glatt poliertem und schwarz lackiertem Holz, an den ein Schweif aus echtem Pferdehaar angearbeitet ist. F\u00fcr all die Freunde des Petplay ist es das fehlende Detail f\u00fcr ein perfektes Outfit.<\/P><\/p>\n","protected":false},"featured_media":29179,"comment_status":"open","ping_status":"closed","template":"","meta":[],"product_brand":[],"product_cat":[143,139],"product_tag":[],"class_list":{"0":"post-6394","1":"product","2":"type-product","3":"status-publish","4":"has-post-thumbnail","6":"product_cat-petplay","7":"product_cat-plugs","8":"product_shipping_class-paket","10":"first","11":"instock","12":"taxable","13":"shipping-taxable","14":"purchasable","15":"product-type-simple"},"_links":{"self":[{"href":"https:\/\/www.hml-fetish.de\/shop\/wp-json\/wp\/v2\/product\/6394","targetHints":{"allow":["GET"]}}],"collection":[{"href":"https:\/\/www.hml-fetish.de\/shop\/wp-json\/wp\/v2\/product"}],"about":[{"href":"https:\/\/www.hml-fetish.de\/shop\/wp-json\/wp\/v2\/types\/product"}],"replies":[{"embeddable":true,"href":"https:\/\/www.hml-fetish.de\/shop\/wp-json\/wp\/v2\/comments?post=6394"}],"version-history":[{"count":0,"href":"https:\/\/www.hml-fetish.de\/shop\/wp-json\/wp\/v2\/product\/6394\/revisions"}],"wp:featuredmedia":[{"embeddable":true,"href":"https:\/\/www.hml-fetish.de\/shop\/wp-json\/wp\/v2\/media\/29179"}],"wp:attachment":[{"href":"https:\/\/www.hml-fetish.de\/shop\/wp-json\/wp\/v2\/media?parent=6394"}],"wp:term":[{"taxonomy":"product_brand","embeddable":true,"href":"https:\/\/www.hml-fetish.de\/shop\/wp-json\/wp\/v2\/product_brand?post=6394"},{"taxonomy":"product_cat","embeddable":true,"href":"https:\/\/www.hml-fetish.de\/shop\/wp-json\/wp\/v2\/product_cat?post=6394"},{"taxonomy":"product_tag","embeddable":true,"href":"https:\/\/www.hml-fetish.de\/shop\/wp-json\/wp\/v2\/product_tag?post=6394"}],"curies":[{"name":"wp","href":"https:\/\/api.w.org\/{rel}","templated":true}]}}