{"id":38514,"date":"2025-10-29T17:01:45","date_gmt":"2025-10-29T16:01:45","guid":{"rendered":"https:\/\/www.hml-fetish.de\/shop\/?post_type=product&#038;p=38514"},"modified":"2025-10-29T17:02:57","modified_gmt":"2025-10-29T16:02:57","slug":"press-klemme","status":"publish","type":"product","link":"https:\/\/www.hml-fetish.de\/shop\/press-klemme\/","title":{"rendered":"Press-Klemme"},"content":{"rendered":"<p><P>Diese vielseitige Clip-Klammer mit Schraubmechanismus l\u00e4sst sich durch Aufdrehen \u00f6ffnen und erm\u00f6glicht eine stufenlose Anpassung des Drucks. Die gummierte Innenseite sorgt f\u00fcr einen festen, aber schonenden Halt. Zuerst aufschrauben, bis Du die Klemmen aufspreizen kannst. Als n\u00e4chstes anlegen. Die meiste Wirkung entfalten sie an den Nippeln. Zuletzt Dreh f\u00fcr Dreh den Druck steigern, bis \u2026 Dein Partner \u00fcberrascht nach Luft schnappt! Diese ebenso preiswerten wie wirkungsvollen Klemmen solllte jeder Dom f\u00fcr den Fall der F\u00e4lle bereithalten!<\/P><br \/>\n<P>Ma\u00dfe: L\u00e4nge der Klemmen 57 mm, L\u00e4nge mit Ring 92 mm, gummierter Klemmbereich 16 x 16 mm; maximale Spreizung 15 mm, Innen-\u00d8 des Rings 25 mm, Au\u00dfen-\u00d8 31 mm, H\u00f6he mit Schraube 28 mm, Gewicht 2 x 20 g.<\/P><\/p>\n","protected":false},"excerpt":{"rendered":"<p><H4>Press-Klemme<\/H4><br \/>\n<P>Dieser vielseitige Clip mit Schraubmechanismus l\u00e4sst sich durch Aufdrehen \u00f6ffnen und erm\u00f6glicht eine stufenlose Anpassung des Drucks. Die gummierte Innenseite sorgt f\u00fcr einen festen, aber schonenden Halt.<\/P><\/p>\n","protected":false},"featured_media":38515,"comment_status":"open","ping_status":"closed","template":"","meta":[],"product_brand":[],"product_cat":[141,106],"product_tag":[],"class_list":{"0":"post-38514","1":"product","2":"type-product","3":"status-publish","4":"has-post-thumbnail","6":"product_cat-tt","7":"product_cat-neu-bei-hml","8":"product_shipping_class-brief","10":"first","11":"instock","12":"taxable","13":"shipping-taxable","14":"purchasable","15":"product-type-simple"},"_links":{"self":[{"href":"https:\/\/www.hml-fetish.de\/shop\/wp-json\/wp\/v2\/product\/38514","targetHints":{"allow":["GET"]}}],"collection":[{"href":"https:\/\/www.hml-fetish.de\/shop\/wp-json\/wp\/v2\/product"}],"about":[{"href":"https:\/\/www.hml-fetish.de\/shop\/wp-json\/wp\/v2\/types\/product"}],"replies":[{"embeddable":true,"href":"https:\/\/www.hml-fetish.de\/shop\/wp-json\/wp\/v2\/comments?post=38514"}],"version-history":[{"count":0,"href":"https:\/\/www.hml-fetish.de\/shop\/wp-json\/wp\/v2\/product\/38514\/revisions"}],"wp:featuredmedia":[{"embeddable":true,"href":"https:\/\/www.hml-fetish.de\/shop\/wp-json\/wp\/v2\/media\/38515"}],"wp:attachment":[{"href":"https:\/\/www.hml-fetish.de\/shop\/wp-json\/wp\/v2\/media?parent=38514"}],"wp:term":[{"taxonomy":"product_brand","embeddable":true,"href":"https:\/\/www.hml-fetish.de\/shop\/wp-json\/wp\/v2\/product_brand?post=38514"},{"taxonomy":"product_cat","embeddable":true,"href":"https:\/\/www.hml-fetish.de\/shop\/wp-json\/wp\/v2\/product_cat?post=38514"},{"taxonomy":"product_tag","embeddable":true,"href":"https:\/\/www.hml-fetish.de\/shop\/wp-json\/wp\/v2\/product_tag?post=38514"}],"curies":[{"name":"wp","href":"https:\/\/api.w.org\/{rel}","templated":true}]}}