{"id":38365,"date":"2025-10-22T11:16:28","date_gmt":"2025-10-22T09:16:28","guid":{"rendered":"https:\/\/www.hml-fetish.de\/shop\/?post_type=product&#038;p=38365"},"modified":"2026-04-11T16:59:39","modified_gmt":"2026-04-11T14:59:39","slug":"hml-pique-polo-shirt","status":"publish","type":"product","link":"https:\/\/www.hml-fetish.de\/shop\/hml-pique-polo-shirt\/","title":{"rendered":"HML Piqu\u00e9 Polo Shirt"},"content":{"rendered":"<p><P>Unser Logo-Polo-Shirt mit Hemdkragen und kurzen \u00c4rmeln zum subventionierten Sonderpreis. Ein hochwertiges Piqu\u00e9-Polo in mehreren Farben mit dem HML Logo aufgedruckt. Doppeln\u00e4hte an \u00c4rmeln und Saum.<\/P><br \/>\n<P>Material 100% doppelgewebte Baumwolle. Grammatur 205 g\/m\u00b2. Waschbar bei maximal 30\u00b0C. Vor dem ersten Tragen waschen. Nicht weichsp\u00fclen oder chemisch reinigen. Vor dem Waschen\/B\u00fcgeln auf links drehen.<\/P><br \/>\n<P><img decoding=\"async\" src=\"\/GIF\/size_unisex_sp.gif\" alt=\"Gr\u00f6\u00dfentabelle\" title=\"Gr\u00f6\u00dfentabelle\" border=\"0\" height=\"194\" width=\"114\"><\/P><br \/>\n<P><B>Produktsicherheit:<\/B><BR><br \/>\nVerantwortliche Person<BR><br \/>\nHML, Inhaber Dr. Detlef Moller<BR><br \/>\nNeukirchstra\u00dfe 18<BR><br \/>\n28215 Bremen<BR><br \/>\nDeutschland<BR><br \/>\ninfo@hml-fetish.de<\/P><\/p>\n","protected":false},"excerpt":{"rendered":"<h4>HML Piqu\u00e9 Polo Shirt<\/h4>\n<p><P>Unser Logo-Polo-Shirt mit Hemdkragen und kurzen \u00c4rmeln zum subventionierten Sonderpreis. Ein hochwertiges Polo Piqu\u00e9 in mehreren Farben mit dem HML Logo aufgedruckt. Doppeln\u00e4hte an \u00c4rmeln und Saum.<\/P><\/p>\n","protected":false},"featured_media":39565,"comment_status":"open","ping_status":"closed","template":"","meta":[],"product_brand":[],"product_cat":[116,95,106,105],"product_tag":[],"class_list":{"0":"post-38365","1":"product","2":"type-product","3":"status-publish","4":"has-post-thumbnail","6":"product_cat-shirts-tops","7":"product_cat-bestseller","8":"product_cat-neu-bei-hml","9":"product_cat-sonderangebote","10":"product_shipping_class-brief","12":"first","13":"instock","14":"taxable","15":"shipping-taxable","16":"purchasable","17":"product-type-variable"},"_links":{"self":[{"href":"https:\/\/www.hml-fetish.de\/shop\/wp-json\/wp\/v2\/product\/38365","targetHints":{"allow":["GET"]}}],"collection":[{"href":"https:\/\/www.hml-fetish.de\/shop\/wp-json\/wp\/v2\/product"}],"about":[{"href":"https:\/\/www.hml-fetish.de\/shop\/wp-json\/wp\/v2\/types\/product"}],"replies":[{"embeddable":true,"href":"https:\/\/www.hml-fetish.de\/shop\/wp-json\/wp\/v2\/comments?post=38365"}],"version-history":[{"count":0,"href":"https:\/\/www.hml-fetish.de\/shop\/wp-json\/wp\/v2\/product\/38365\/revisions"}],"wp:featuredmedia":[{"embeddable":true,"href":"https:\/\/www.hml-fetish.de\/shop\/wp-json\/wp\/v2\/media\/39565"}],"wp:attachment":[{"href":"https:\/\/www.hml-fetish.de\/shop\/wp-json\/wp\/v2\/media?parent=38365"}],"wp:term":[{"taxonomy":"product_brand","embeddable":true,"href":"https:\/\/www.hml-fetish.de\/shop\/wp-json\/wp\/v2\/product_brand?post=38365"},{"taxonomy":"product_cat","embeddable":true,"href":"https:\/\/www.hml-fetish.de\/shop\/wp-json\/wp\/v2\/product_cat?post=38365"},{"taxonomy":"product_tag","embeddable":true,"href":"https:\/\/www.hml-fetish.de\/shop\/wp-json\/wp\/v2\/product_tag?post=38365"}],"curies":[{"name":"wp","href":"https:\/\/api.w.org\/{rel}","templated":true}]}}