{"id":38285,"date":"2025-10-22T10:38:53","date_gmt":"2025-10-22T08:38:53","guid":{"rendered":"https:\/\/www.hml-fetish.de\/shop\/?post_type=product&#038;p=38285"},"modified":"2026-03-19T13:35:30","modified_gmt":"2026-03-19T12:35:30","slug":"hml-t-shirt","status":"publish","type":"product","link":"https:\/\/www.hml-fetish.de\/shop\/hml-t-shirt\/","title":{"rendered":"HML T-Shirt"},"content":{"rendered":"<p><P>Unser Logo-T-Shirt zum subventionierten Sonderpreis. Ein hochwertiges Rundhals-Shirt in Schwarz, Wei\u00df, Feuerrot, Sonnengelb und K\u00f6nigsblau mit dem HML Logo aufgedruckt. Doppeln\u00e4hte an \u00c4rmeln und Saum. Das doppelt gelegte, gerippte Halsb\u00fcndchen bleibt in Form.<\/P><br \/>\n<P>Material 100% ringgesponnene Baumwolle. Grammatur 185 g\/m\u00b2. Waschbar bei maximal 30\u00b0C. Vor dem ersten Tragen waschen. Nicht weichsp\u00fclen oder chemisch reinigen. Vor dem Waschen\/B\u00fcgeln auf links drehen.<\/P><br \/>\n<P><img decoding=\"async\" src=\"\/GIF\/size_unisex_sp.gif\" alt=\"Gr\u00f6\u00dfentabelle\" title=\"Gr\u00f6\u00dfentabelle\" border=\"0\" height=\"194\" width=\"114\"><\/P><br \/>\n<P><B>Produktsicherheit:<\/B><BR><br \/>\nVerantwortliche Person<BR><br \/>\nHML, Inhaber Dr. Detlef Moller<BR><br \/>\nNeukirchstra\u00dfe 18<BR><br \/>\n28215 Bremen<BR><br \/>\nDeutschland<BR><br \/>\ninfo@hml-fetish.de<\/P><\/p>\n","protected":false},"excerpt":{"rendered":"<h4>HML T-Shirt<\/h4>\n<p><P>Unser Logo-T-Shirt zum subventionierten Sonderpreis. Ein hochwertiges Rundhals Shirt in Schwarz, Wei\u00df, Feuerrot, Sonnengelb und K\u00f6nigsblau mit dem HML Logo aufgedruckt. Doppeln\u00e4hte an \u00c4rmeln und Saum. Das doppelt gelegte, gerippte Halsb\u00fcndchen bleibt in Form.<\/P><\/p>\n","protected":false},"featured_media":39568,"comment_status":"open","ping_status":"closed","template":"","meta":[],"product_brand":[],"product_cat":[116,95,106,105],"product_tag":[],"class_list":{"0":"post-38285","1":"product","2":"type-product","3":"status-publish","4":"has-post-thumbnail","6":"product_cat-shirts-tops","7":"product_cat-bestseller","8":"product_cat-neu-bei-hml","9":"product_cat-sonderangebote","10":"product_shipping_class-brief","12":"first","13":"instock","14":"sale","15":"taxable","16":"shipping-taxable","17":"purchasable","18":"product-type-variable"},"_links":{"self":[{"href":"https:\/\/www.hml-fetish.de\/shop\/wp-json\/wp\/v2\/product\/38285","targetHints":{"allow":["GET"]}}],"collection":[{"href":"https:\/\/www.hml-fetish.de\/shop\/wp-json\/wp\/v2\/product"}],"about":[{"href":"https:\/\/www.hml-fetish.de\/shop\/wp-json\/wp\/v2\/types\/product"}],"replies":[{"embeddable":true,"href":"https:\/\/www.hml-fetish.de\/shop\/wp-json\/wp\/v2\/comments?post=38285"}],"version-history":[{"count":2,"href":"https:\/\/www.hml-fetish.de\/shop\/wp-json\/wp\/v2\/product\/38285\/revisions"}],"predecessor-version":[{"id":39664,"href":"https:\/\/www.hml-fetish.de\/shop\/wp-json\/wp\/v2\/product\/38285\/revisions\/39664"}],"wp:featuredmedia":[{"embeddable":true,"href":"https:\/\/www.hml-fetish.de\/shop\/wp-json\/wp\/v2\/media\/39568"}],"wp:attachment":[{"href":"https:\/\/www.hml-fetish.de\/shop\/wp-json\/wp\/v2\/media?parent=38285"}],"wp:term":[{"taxonomy":"product_brand","embeddable":true,"href":"https:\/\/www.hml-fetish.de\/shop\/wp-json\/wp\/v2\/product_brand?post=38285"},{"taxonomy":"product_cat","embeddable":true,"href":"https:\/\/www.hml-fetish.de\/shop\/wp-json\/wp\/v2\/product_cat?post=38285"},{"taxonomy":"product_tag","embeddable":true,"href":"https:\/\/www.hml-fetish.de\/shop\/wp-json\/wp\/v2\/product_tag?post=38285"}],"curies":[{"name":"wp","href":"https:\/\/api.w.org\/{rel}","templated":true}]}}