{"id":35709,"date":"2024-04-29T16:27:35","date_gmt":"2024-04-29T14:27:35","guid":{"rendered":"https:\/\/www.hml-fetish.de\/shop\/?post_type=product&#038;p=35709"},"modified":"2026-02-10T17:36:58","modified_gmt":"2026-02-10T16:36:58","slug":"gasmasken-connector-iii","status":"publish","type":"product","link":"https:\/\/www.hml-fetish.de\/shop\/gasmasken-connector-iii\/","title":{"rendered":"Gasmasken Connector III"},"content":{"rendered":"<p><P>Ein sehr geiles Tool f\u00fcr scharfe Spiele: mit diesem Verbindungsst\u00fcck kannst Du zwei Gasmasken \u00fcber Faltenschl\u00e4uche miteinander koppeln. Bist Du unter der Maske und gleichzeitig gefesselt, kann Dein Partner fiese Dinge mit Dir anstellen, denn ihr werdet auch gegenseitig zwangsweise \u00fcber den Schlauch beatmen! Wenn noch ein dritter Mann zugegen ist, k\u00f6nnt Ihr diese Spiele noch intensivieren. Deiner Phantasie sind da keine Grenzen gesetzt.<\/P><br \/>\n<P>Gasmasken und Atemspiele sind hei\u00df und aufregend, und mit diesem kleinen Spielzeug kannst Du es ganz einfach noch sch\u00e4rfermachen! Aber wie bei allen Atemspielzeugen ist das Solo-Atemspiel ein bekannter Killer in der Kink-Szene. <B>Spiele niemals allein und lasse NIEMALS Deinen Sub unbeaufsichtigt, nicht einmal f\u00fcr eine Minute!<\/B><\/P><\/p>\n","protected":false},"excerpt":{"rendered":"<h4>Gasmasken Connector III<\/h4>\n<p><P>Ein sehr geiles Tool f\u00fcr scharfe Spiele: mit diesem Verbindungsst\u00fcck kannst Du zwei Gasmasken \u00fcber Faltenschl\u00e4uche miteinander koppeln. Bist Du unter der Maske und gleichzeitig gefesselt, kann Dein Partner fiese Dinge mit Dir anstellen, denn ihr werdet auch gegenseitig zwangsweise \u00fcber den Schlauch beatmen! Wenn noch ein dritter Mann zugegen ist, k\u00f6nnt Ihr diese Spiele noch intensivieren. Deiner Phantasie sind da keine Grenzen gesetzt.<\/P><\/p>\n","protected":false},"featured_media":35697,"comment_status":"open","ping_status":"closed","template":"","meta":[],"product_brand":[],"product_cat":[138],"product_tag":[4418],"class_list":{"0":"post-35709","1":"product","2":"type-product","3":"status-publish","4":"has-post-thumbnail","6":"product_cat-masken-etc","7":"product_tag-breath-control","8":"product_shipping_class-paket","10":"first","11":"instock","12":"taxable","13":"shipping-taxable","14":"purchasable","15":"product-type-simple"},"_links":{"self":[{"href":"https:\/\/www.hml-fetish.de\/shop\/wp-json\/wp\/v2\/product\/35709","targetHints":{"allow":["GET"]}}],"collection":[{"href":"https:\/\/www.hml-fetish.de\/shop\/wp-json\/wp\/v2\/product"}],"about":[{"href":"https:\/\/www.hml-fetish.de\/shop\/wp-json\/wp\/v2\/types\/product"}],"replies":[{"embeddable":true,"href":"https:\/\/www.hml-fetish.de\/shop\/wp-json\/wp\/v2\/comments?post=35709"}],"version-history":[{"count":0,"href":"https:\/\/www.hml-fetish.de\/shop\/wp-json\/wp\/v2\/product\/35709\/revisions"}],"wp:featuredmedia":[{"embeddable":true,"href":"https:\/\/www.hml-fetish.de\/shop\/wp-json\/wp\/v2\/media\/35697"}],"wp:attachment":[{"href":"https:\/\/www.hml-fetish.de\/shop\/wp-json\/wp\/v2\/media?parent=35709"}],"wp:term":[{"taxonomy":"product_brand","embeddable":true,"href":"https:\/\/www.hml-fetish.de\/shop\/wp-json\/wp\/v2\/product_brand?post=35709"},{"taxonomy":"product_cat","embeddable":true,"href":"https:\/\/www.hml-fetish.de\/shop\/wp-json\/wp\/v2\/product_cat?post=35709"},{"taxonomy":"product_tag","embeddable":true,"href":"https:\/\/www.hml-fetish.de\/shop\/wp-json\/wp\/v2\/product_tag?post=35709"}],"curies":[{"name":"wp","href":"https:\/\/api.w.org\/{rel}","templated":true}]}}