{"id":35531,"date":"2024-04-11T17:26:00","date_gmt":"2024-04-11T15:26:00","guid":{"rendered":"https:\/\/www.hml-fetish.de\/shop\/?post_type=product&#038;p=35531"},"modified":"2026-02-10T17:35:42","modified_gmt":"2026-02-10T16:35:42","slug":"dusch-set","status":"publish","type":"product","link":"https:\/\/www.hml-fetish.de\/shop\/dusch-set\/","title":{"rendered":"Dusch-Set"},"content":{"rendered":"<p><P>Ein Set von drei wechselbaren 7-Loch Duschaufs\u00e4tzen (2,0 x 1.9 cm, 2,0 x 2,7 cm and 3,2 x 2,5 cm) aus verchromtem Aluminium. Das 1\/2 Zoll Gewinde pa\u00dft auf jeden Duschschlauch. Einf\u00fchrl\u00e4nge 15 cm. Bitte nur mit k\u00f6rperwarmem Wasser benutzen!<\/P><\/p>\n","protected":false},"excerpt":{"rendered":"<h4>Dusch-Set<\/h4>\n<p><P>Ein Set von drei wechselbaren 7-Loch Duschaufs\u00e4tzen (2,0 x 1.9 cm, 2,0 x 2,7 cm and 3,2 x 2,5 cm) aus verchromtem Aluminium. Das 1\/2 Zoll Gewinde pa\u00dft auf jeden Duschschlauch. Einf\u00fchrl\u00e4nge 15 cm. Bitte nur mit k\u00f6rperwarmem Wasser benutzen!<\/P><\/p>\n","protected":false},"featured_media":35532,"comment_status":"open","ping_status":"closed","template":"","meta":[],"product_brand":[],"product_cat":[136,127,105],"product_tag":[],"class_list":{"0":"post-35531","1":"product","2":"type-product","3":"status-publish","4":"has-post-thumbnail","6":"product_cat-klinik","7":"product_cat-diverses","8":"product_cat-sonderangebote","9":"product_shipping_class-paket","11":"first","12":"instock","13":"sale","14":"taxable","15":"shipping-taxable","16":"purchasable","17":"product-type-simple"},"_links":{"self":[{"href":"https:\/\/www.hml-fetish.de\/shop\/wp-json\/wp\/v2\/product\/35531","targetHints":{"allow":["GET"]}}],"collection":[{"href":"https:\/\/www.hml-fetish.de\/shop\/wp-json\/wp\/v2\/product"}],"about":[{"href":"https:\/\/www.hml-fetish.de\/shop\/wp-json\/wp\/v2\/types\/product"}],"replies":[{"embeddable":true,"href":"https:\/\/www.hml-fetish.de\/shop\/wp-json\/wp\/v2\/comments?post=35531"}],"version-history":[{"count":0,"href":"https:\/\/www.hml-fetish.de\/shop\/wp-json\/wp\/v2\/product\/35531\/revisions"}],"wp:featuredmedia":[{"embeddable":true,"href":"https:\/\/www.hml-fetish.de\/shop\/wp-json\/wp\/v2\/media\/35532"}],"wp:attachment":[{"href":"https:\/\/www.hml-fetish.de\/shop\/wp-json\/wp\/v2\/media?parent=35531"}],"wp:term":[{"taxonomy":"product_brand","embeddable":true,"href":"https:\/\/www.hml-fetish.de\/shop\/wp-json\/wp\/v2\/product_brand?post=35531"},{"taxonomy":"product_cat","embeddable":true,"href":"https:\/\/www.hml-fetish.de\/shop\/wp-json\/wp\/v2\/product_cat?post=35531"},{"taxonomy":"product_tag","embeddable":true,"href":"https:\/\/www.hml-fetish.de\/shop\/wp-json\/wp\/v2\/product_tag?post=35531"}],"curies":[{"name":"wp","href":"https:\/\/api.w.org\/{rel}","templated":true}]}}