{"id":35515,"date":"2024-04-11T12:50:57","date_gmt":"2024-04-11T10:50:57","guid":{"rendered":"https:\/\/www.hml-fetish.de\/shop\/?post_type=product&#038;p=35515"},"modified":"2024-11-25T08:38:03","modified_gmt":"2024-11-25T07:38:03","slug":"keuschheitskaefig-2","status":"publish","type":"product","link":"https:\/\/www.hml-fetish.de\/shop\/keuschheitskaefig-2\/","title":{"rendered":"Keuschheitsk\u00e4fig mit 3 Cockringen"},"content":{"rendered":"<p><P>Eine Neuentwicklung aus Edelstahl: einmal angelegt und mit dem beiliegenden Vorh\u00e4ngeschlo\u00df versiegelt, kann dieser Keuschheitsk\u00e4fig nur vom Besitzer des Schl\u00fcssels wieder ge\u00f6ffnet werden. Wichsen ist in dieser Konstruktion unm\u00f6glich und jeder Hauch einer Erektion macht sich sofort derart unangenehm bemerkbar, da\u00df die Enthaltsamkeit des Tr\u00e4gers garantiert ist. Da diese Keuschheitsschelle rostfrei gearbeitet ist, ist Duschen und Hygiene \u00fcber viele Tage kein Problem. Nur den Metalldetektor am Flughafen solltest Du besser meiden.<\/P><br \/>\n<P>Das Keuschheits-Geschirr selbst ist besonders klein gearbeitet &#8211; nur etwa 14 cm Gesamtl\u00e4nge (Oberseite, Unterseite nur 9 cm) bei 35 mm Rohrdurchmesser &#8211; und kann daher relativ unauff\u00e4llig unter einer nicht zu engen Hose getragen werden. Die Kappe \u00fcber der Eichel ist geschlossen. Du kannst sie aber zum Pinkeln und Waschen abgeschrauben. F\u00fcr verschiedene Kaliber liegen drei Cockringe bei. Sie haben die Innendurchmesser 40 mm, 45 mm und 50 mm. Das Gewicht betr\u00e4gt angelegt etwa 150 g. Der K\u00e4fig ist aus Edelstahl und die Ringe sind aus einer Zinklegierung gefertigt.<\/P><\/p>\n","protected":false},"excerpt":{"rendered":"<h4>Keuschheitsk\u00e4fig mit 3 Cockringen<\/h4>\n<p><P>Eine Neuentwicklung aus Edelstahl: einmal angelegt und mit dem beiliegenden Vorh\u00e4ngeschlo\u00df versiegelt, kann dieser K\u00e4fig nur vom Besitzer des Schl\u00fcssels wieder ge\u00f6ffnet werden. Wichsen ist in dieser Konstruktion unm\u00f6glich und jeder Hauch einer Erektion macht sich sofort derart unangenehm bemerkbar, da\u00df die Enthaltsamkeit des Tr\u00e4gers garantiert ist. Da diese Keuschheitsschelle rostfrei gearbeitet ist, ist Duschen und Hygiene \u00fcber viele Tage kein Problem. Nur den Metalldetektor am Flughafen solltest Du besser meiden.<\/P><\/p>\n","protected":false},"featured_media":35518,"comment_status":"open","ping_status":"closed","template":"","meta":[],"product_brand":[],"product_cat":[167,142,106],"product_tag":[],"class_list":{"0":"post-35515","1":"product","2":"type-product","3":"status-publish","4":"has-post-thumbnail","6":"product_cat-cockringe","7":"product_cat-keuschheit","8":"product_cat-neu-bei-hml","9":"product_shipping_class-paket","11":"first","12":"instock","13":"taxable","14":"shipping-taxable","15":"purchasable","16":"product-type-simple"},"_links":{"self":[{"href":"https:\/\/www.hml-fetish.de\/shop\/wp-json\/wp\/v2\/product\/35515","targetHints":{"allow":["GET"]}}],"collection":[{"href":"https:\/\/www.hml-fetish.de\/shop\/wp-json\/wp\/v2\/product"}],"about":[{"href":"https:\/\/www.hml-fetish.de\/shop\/wp-json\/wp\/v2\/types\/product"}],"replies":[{"embeddable":true,"href":"https:\/\/www.hml-fetish.de\/shop\/wp-json\/wp\/v2\/comments?post=35515"}],"version-history":[{"count":0,"href":"https:\/\/www.hml-fetish.de\/shop\/wp-json\/wp\/v2\/product\/35515\/revisions"}],"wp:featuredmedia":[{"embeddable":true,"href":"https:\/\/www.hml-fetish.de\/shop\/wp-json\/wp\/v2\/media\/35518"}],"wp:attachment":[{"href":"https:\/\/www.hml-fetish.de\/shop\/wp-json\/wp\/v2\/media?parent=35515"}],"wp:term":[{"taxonomy":"product_brand","embeddable":true,"href":"https:\/\/www.hml-fetish.de\/shop\/wp-json\/wp\/v2\/product_brand?post=35515"},{"taxonomy":"product_cat","embeddable":true,"href":"https:\/\/www.hml-fetish.de\/shop\/wp-json\/wp\/v2\/product_cat?post=35515"},{"taxonomy":"product_tag","embeddable":true,"href":"https:\/\/www.hml-fetish.de\/shop\/wp-json\/wp\/v2\/product_tag?post=35515"}],"curies":[{"name":"wp","href":"https:\/\/api.w.org\/{rel}","templated":true}]}}