{"id":35455,"date":"2024-04-08T16:34:22","date_gmt":"2024-04-08T14:34:22","guid":{"rendered":"https:\/\/www.hml-fetish.de\/shop\/?post_type=product&#038;p=35455"},"modified":"2026-02-10T17:33:47","modified_gmt":"2026-02-10T16:33:47","slug":"pferde-dildo","status":"publish","type":"product","link":"https:\/\/www.hml-fetish.de\/shop\/pferde-dildo\/","title":{"rendered":"Pferde-Dildo"},"content":{"rendered":"<p><P>Satte 440 mm lang ist dieser Pferde-Dildo aus Vinyl, der einem echten Hengstschwanz nachgebildet ist. Wenn der ganz drin ist, sp\u00fcrst Du es bis zu den Mandeln. Wie sein Vorbild in der Natur ist er besonders lang und steigert seinen Durchmesser von etwa 45 mm unter der Eichel bis zu etwa 70 mm an der Basis. Wenn Du denn jemals so weit kommst \u2026<\/P><br \/>\n<P>Zu viele M\u00e4nner tun so, als w\u00e4ren sie gut best\u00fcckt \u2013 und wenn sie dann die Hosen runterlassen, bist Du dann doch entt\u00e4uscht! Wir haben das, wonach Du schon immer gesucht hast: Diese Imitation eines Pferdepenis ist das richtige Spielzeug f\u00fcr alle, die von einem Hengst geritten werden wollen; aber im Gegensatz zu echten Hengsten wird dieser nie m\u00fcde werden, egal wie intensiv Deine Session sein wird! Mit einer beeindruckenden Einf\u00fchrl\u00e4nge l\u00e4\u00dft er all Deine hei\u00dfen Reiterfantasien wahr werden!<\/P><\/p>\n","protected":false},"excerpt":{"rendered":"<p><P>Satte 440 mm lang ist dieser Dildo aus Vinyl, der einem echten Hengst-Schwanz nachgebildet ist. Wenn der ganz drin ist, sp\u00fcrst Du es bis zu den Mandeln. Wie sein Vorbild in der Natur ist er besonders lang und steigert seinen Durchmesser von etwa 45 mm unter der Eichel bis zu etwa 70 mm an der Basis. Wenn Du denn jemals so weit kommst \u2026<\/P><\/p>\n","protected":false},"featured_media":35456,"comment_status":"open","ping_status":"closed","template":"","meta":[],"product_brand":[],"product_cat":[131],"product_tag":[],"class_list":{"0":"post-35455","1":"product","2":"type-product","3":"status-publish","4":"has-post-thumbnail","6":"product_cat-dildos","7":"product_shipping_class-paket","9":"first","10":"outofstock","11":"taxable","12":"shipping-taxable","13":"purchasable","14":"product-type-simple"},"_links":{"self":[{"href":"https:\/\/www.hml-fetish.de\/shop\/wp-json\/wp\/v2\/product\/35455","targetHints":{"allow":["GET"]}}],"collection":[{"href":"https:\/\/www.hml-fetish.de\/shop\/wp-json\/wp\/v2\/product"}],"about":[{"href":"https:\/\/www.hml-fetish.de\/shop\/wp-json\/wp\/v2\/types\/product"}],"replies":[{"embeddable":true,"href":"https:\/\/www.hml-fetish.de\/shop\/wp-json\/wp\/v2\/comments?post=35455"}],"version-history":[{"count":0,"href":"https:\/\/www.hml-fetish.de\/shop\/wp-json\/wp\/v2\/product\/35455\/revisions"}],"wp:featuredmedia":[{"embeddable":true,"href":"https:\/\/www.hml-fetish.de\/shop\/wp-json\/wp\/v2\/media\/35456"}],"wp:attachment":[{"href":"https:\/\/www.hml-fetish.de\/shop\/wp-json\/wp\/v2\/media?parent=35455"}],"wp:term":[{"taxonomy":"product_brand","embeddable":true,"href":"https:\/\/www.hml-fetish.de\/shop\/wp-json\/wp\/v2\/product_brand?post=35455"},{"taxonomy":"product_cat","embeddable":true,"href":"https:\/\/www.hml-fetish.de\/shop\/wp-json\/wp\/v2\/product_cat?post=35455"},{"taxonomy":"product_tag","embeddable":true,"href":"https:\/\/www.hml-fetish.de\/shop\/wp-json\/wp\/v2\/product_tag?post=35455"}],"curies":[{"name":"wp","href":"https:\/\/api.w.org\/{rel}","templated":true}]}}