{"id":34445,"date":"2023-07-22T11:50:02","date_gmt":"2023-07-22T09:50:02","guid":{"rendered":"https:\/\/www.hml-fetish.de\/shop\/?post_type=product&#038;p=34445"},"modified":"2024-11-08T17:27:37","modified_gmt":"2024-11-08T16:27:37","slug":"highway-jacke-premium","status":"publish","type":"product","link":"https:\/\/www.hml-fetish.de\/shop\/highway-jacke-premium\/","title":{"rendered":"Highway Jacke PREMIUM"},"content":{"rendered":"<p><P>Unser neues Spitzenmodell: Ein stabiles, sehr hochwertiges Rindnappa-Oberleder von etwa 1,3 mm St\u00e4rke mit einer weichen und dennoch glatten Oberfl\u00e4che. Eher kurzer Schnitt ohne Nierengurt mit einem abgesteppten Innenfutter aus Kunstseide. Die Front- und \u00c4rmel-Rei\u00dfverschl\u00fcsse und Druckkn\u00f6pfe sind silberfarben. Vier Au\u00dfentaschen vorne und eine Innentasche sowie Schulterklappen und ein seitlich angesetzter Frontg\u00fcrtel. Verf\u00fcgbar in verschiedenen Jackengr\u00f6\u00dfen.<\/P><br \/>\n<P>Diese Motorrad Lederjacke ist ideal zum Biken in der w\u00e4rmeren Jahreszeit. Schlicht, dezent und dabei hochwertig: Sie sitzt eng am K\u00f6rper und kleidet Dich auch beim abendlichen Kneipengang oder auf einem Stra\u00dfenfest, ohne dabei overdressed auszusehen!<\/P><br \/>\n<P><img decoding=\"async\" src=\"\/GIF\/size_unisex_up.gif\" alt=\"Gr\u00f6\u00dfentabelle\" title=\"Gr\u00f6\u00dfentabelle\" border=\"0\" height=\"194\" width=\"114\"><\/P><\/p>\n","protected":false},"excerpt":{"rendered":"<h4>Highway Jacke PREMIUM<\/h4>\n<p><P>Diese Jacke ist ideal zum Motorradfahren in der w\u00e4rmeren Jahreszeit. Schlicht, dezent und dabei hochwertig: Sie sitzt eng am K\u00f6rper und kleidet Dich auch beim abendlichen Kneipengang oder auf einem Stra\u00dfenfest, ohne dabei overdressed auszusehen!<\/P><\/p>\n","protected":false},"featured_media":34454,"comment_status":"open","ping_status":"closed","template":"","meta":[],"product_brand":[],"product_cat":[160,95,106],"product_tag":[],"class_list":{"0":"post-34445","1":"product","2":"type-product","3":"status-publish","4":"has-post-thumbnail","6":"product_cat-jacken","7":"product_cat-bestseller","8":"product_cat-neu-bei-hml","9":"product_shipping_class-paket","11":"first","12":"instock","13":"taxable","14":"shipping-taxable","15":"purchasable","16":"product-type-variable"},"_links":{"self":[{"href":"https:\/\/www.hml-fetish.de\/shop\/wp-json\/wp\/v2\/product\/34445","targetHints":{"allow":["GET"]}}],"collection":[{"href":"https:\/\/www.hml-fetish.de\/shop\/wp-json\/wp\/v2\/product"}],"about":[{"href":"https:\/\/www.hml-fetish.de\/shop\/wp-json\/wp\/v2\/types\/product"}],"replies":[{"embeddable":true,"href":"https:\/\/www.hml-fetish.de\/shop\/wp-json\/wp\/v2\/comments?post=34445"}],"version-history":[{"count":0,"href":"https:\/\/www.hml-fetish.de\/shop\/wp-json\/wp\/v2\/product\/34445\/revisions"}],"wp:featuredmedia":[{"embeddable":true,"href":"https:\/\/www.hml-fetish.de\/shop\/wp-json\/wp\/v2\/media\/34454"}],"wp:attachment":[{"href":"https:\/\/www.hml-fetish.de\/shop\/wp-json\/wp\/v2\/media?parent=34445"}],"wp:term":[{"taxonomy":"product_brand","embeddable":true,"href":"https:\/\/www.hml-fetish.de\/shop\/wp-json\/wp\/v2\/product_brand?post=34445"},{"taxonomy":"product_cat","embeddable":true,"href":"https:\/\/www.hml-fetish.de\/shop\/wp-json\/wp\/v2\/product_cat?post=34445"},{"taxonomy":"product_tag","embeddable":true,"href":"https:\/\/www.hml-fetish.de\/shop\/wp-json\/wp\/v2\/product_tag?post=34445"}],"curies":[{"name":"wp","href":"https:\/\/api.w.org\/{rel}","templated":true}]}}