{"id":33381,"date":"2023-01-16T15:43:46","date_gmt":"2023-01-16T14:43:46","guid":{"rendered":"https:\/\/www.hml-fetish.de\/shop\/?post_type=product&#038;p=33381"},"modified":"2023-08-25T14:06:31","modified_gmt":"2023-08-25T12:06:31","slug":"stimulator","status":"publish","type":"product","link":"https:\/\/www.hml-fetish.de\/shop\/stimulator\/","title":{"rendered":"Stimulator"},"content":{"rendered":"<p><P>Der Stimulator macht \u2019ne fette Beule in der Hose. Klar, das machen Cockb\u00e4nder auch. Nur dieses Super-Teil hebt nicht nur Schwanz und Eier hervor. Es ber\u00fchrt Dich zwischen den Beinen, genau da, wo Du es besonders magst. Und seine Zunge geht bis kurz vor Dein Loch! Mach\u2019 damit blo\u00df keine \u00bbfalsche\u00ab Bewegung in der \u00d6ffentlichkeit. Die Leute werden sich fragen, warum du so begl\u00fcckt bist. Dies neue Ger\u00e4t ist wirklich hammergeil. Unsere Leder-Adaption des Teardrop-Cockringes \u2013 nur noch viel sch\u00e4rfer! Trage ihn nur nicht auf der Arbeit, sonst kann es sehr unangenehm werden f\u00fcr Dich.<\/P><br \/>\n<P>Weltneuheit! Ein wirklich geiles Teil, sch\u00f6n geformt und toll verarbeitet. Aus schwarzem Nappaleder mit Stahleinlage und nickelfreien Druckkn\u00f6pfen. Es f\u00fchlt sich fast so an, als w\u00e4re es eine fremde Hand, die sich mit sanftem Druck um Dein bestes St\u00fcck schliesst und\u2026 Noch nicht \u00fcberzeugt? Probier\u2019s aus! In vier Gr\u00f6\u00dfen, mit Cockband-Innendurchmesser von etwa 45 mm, 50 mm, 55 mm oder 60 mm.<\/P><\/p>\n","protected":false},"excerpt":{"rendered":"<h4>Stimulator<\/h4>\n<p><P>Das Ding macht \u2019ne fette Beule in der Hose. Klar, das machen Cockb\u00e4nder auch. Nur dieses Super-Teil hebt nicht nur Schwanz und Eier hervor. Es ber\u00fchrt Dich zwischen den Beinen, genau da, wo Du es besonders magst. Und seine Zunge geht bis kurz vor Dein Loch! Mach\u2019 damit blo\u00df keine \u00bbfalsche\u00ab Bewegung in der \u00d6ffentlichkeit. Die Leute werden sich fragen, warum du so begl\u00fcckt bist. Dies neue Ger\u00e4t ist wirklich hammergeil. Unsere Leder-Adaption des Teardrop-Cockringes \u2013 nur noch viel sch\u00e4rfer! Trage ihn nur nicht auf der Arbeit, sonst kann es sehr unangenehm werden f\u00fcr Dich.<\/P><\/p>\n","protected":false},"featured_media":33386,"comment_status":"open","ping_status":"closed","template":"","meta":[],"product_brand":[],"product_cat":[167,130,165,108,105],"product_tag":[],"class_list":{"0":"post-33381","1":"product","2":"type-product","3":"status-publish","4":"has-post-thumbnail","6":"product_cat-cockringe","7":"product_cat-cbt","8":"product_cat-cockbaender","9":"product_cat-restposten-einzelstuecke","10":"product_cat-sonderangebote","12":"first","13":"instock","14":"sale","15":"taxable","16":"shipping-taxable","17":"purchasable","18":"product-type-variable"},"_links":{"self":[{"href":"https:\/\/www.hml-fetish.de\/shop\/wp-json\/wp\/v2\/product\/33381","targetHints":{"allow":["GET"]}}],"collection":[{"href":"https:\/\/www.hml-fetish.de\/shop\/wp-json\/wp\/v2\/product"}],"about":[{"href":"https:\/\/www.hml-fetish.de\/shop\/wp-json\/wp\/v2\/types\/product"}],"replies":[{"embeddable":true,"href":"https:\/\/www.hml-fetish.de\/shop\/wp-json\/wp\/v2\/comments?post=33381"}],"version-history":[{"count":0,"href":"https:\/\/www.hml-fetish.de\/shop\/wp-json\/wp\/v2\/product\/33381\/revisions"}],"wp:featuredmedia":[{"embeddable":true,"href":"https:\/\/www.hml-fetish.de\/shop\/wp-json\/wp\/v2\/media\/33386"}],"wp:attachment":[{"href":"https:\/\/www.hml-fetish.de\/shop\/wp-json\/wp\/v2\/media?parent=33381"}],"wp:term":[{"taxonomy":"product_brand","embeddable":true,"href":"https:\/\/www.hml-fetish.de\/shop\/wp-json\/wp\/v2\/product_brand?post=33381"},{"taxonomy":"product_cat","embeddable":true,"href":"https:\/\/www.hml-fetish.de\/shop\/wp-json\/wp\/v2\/product_cat?post=33381"},{"taxonomy":"product_tag","embeddable":true,"href":"https:\/\/www.hml-fetish.de\/shop\/wp-json\/wp\/v2\/product_tag?post=33381"}],"curies":[{"name":"wp","href":"https:\/\/api.w.org\/{rel}","templated":true}]}}