{"id":31298,"date":"2022-08-27T13:02:53","date_gmt":"2022-08-27T11:02:53","guid":{"rendered":"https:\/\/www.hml-fetish.de\/shop\/?post_type=product&#038;p=31298"},"modified":"2026-05-08T17:46:00","modified_gmt":"2026-05-08T15:46:00","slug":"faltenschlauch","status":"publish","type":"product","link":"https:\/\/www.hml-fetish.de\/shop\/faltenschlauch\/","title":{"rendered":"Faltenschlauch f\u00fcr Gasmasken"},"content":{"rendered":"<p>Dieser Schlauch pa\u00dft auf handels\u00fcbliche Gasmasken. Es handelt sich um saubere Neuware in zwei verschiedenen L\u00e4ngen, 50 cm und 100 cm. Du kannst daran einen Filter anschlie\u00dfen oder auch ein T-St\u00fcck oder einen Beatmungsbeutel. Profis stecken zum Spielen ein St\u00fcckchen K\u00fcchenrolle mit einigen Tropfen Poppers hinein. F\u00fcr Breath-Control Spiele oder Rebreathing kannst Du auch den Tr\u00e4ger der Maske durch den Schlauch beatmen.<\/p>\n","protected":false},"excerpt":{"rendered":"<h4>Faltenschlauch f\u00fcr Gasmasken<\/h4>\n<p>Faltenschlauch f\u00fcr handels\u00fcbliche Gasmasken. Es handelt sich um saubere Neuware. Du kannst daran einen Filter anschlie\u00dfen oder auch ein T-St\u00fcck oder einen Beatmungsbeutel. Profis stecken zum Spielen ein St\u00fcckchen K\u00fcchenrolle mit einigen Tropfen Poppers hinein.<\/p>\n","protected":false},"featured_media":31299,"comment_status":"open","ping_status":"closed","template":"","meta":[],"product_brand":[],"product_cat":[138,95,132],"product_tag":[4418],"class_list":{"0":"post-31298","1":"product","2":"type-product","3":"status-publish","4":"has-post-thumbnail","6":"product_cat-masken-etc","7":"product_cat-bestseller","8":"product_cat-dungeon","9":"product_tag-breath-control","10":"product_shipping_class-paket","12":"first","13":"instock","14":"taxable","15":"shipping-taxable","16":"purchasable","17":"product-type-variable"},"_links":{"self":[{"href":"https:\/\/www.hml-fetish.de\/shop\/wp-json\/wp\/v2\/product\/31298","targetHints":{"allow":["GET"]}}],"collection":[{"href":"https:\/\/www.hml-fetish.de\/shop\/wp-json\/wp\/v2\/product"}],"about":[{"href":"https:\/\/www.hml-fetish.de\/shop\/wp-json\/wp\/v2\/types\/product"}],"replies":[{"embeddable":true,"href":"https:\/\/www.hml-fetish.de\/shop\/wp-json\/wp\/v2\/comments?post=31298"}],"version-history":[{"count":2,"href":"https:\/\/www.hml-fetish.de\/shop\/wp-json\/wp\/v2\/product\/31298\/revisions"}],"predecessor-version":[{"id":39908,"href":"https:\/\/www.hml-fetish.de\/shop\/wp-json\/wp\/v2\/product\/31298\/revisions\/39908"}],"wp:featuredmedia":[{"embeddable":true,"href":"https:\/\/www.hml-fetish.de\/shop\/wp-json\/wp\/v2\/media\/31299"}],"wp:attachment":[{"href":"https:\/\/www.hml-fetish.de\/shop\/wp-json\/wp\/v2\/media?parent=31298"}],"wp:term":[{"taxonomy":"product_brand","embeddable":true,"href":"https:\/\/www.hml-fetish.de\/shop\/wp-json\/wp\/v2\/product_brand?post=31298"},{"taxonomy":"product_cat","embeddable":true,"href":"https:\/\/www.hml-fetish.de\/shop\/wp-json\/wp\/v2\/product_cat?post=31298"},{"taxonomy":"product_tag","embeddable":true,"href":"https:\/\/www.hml-fetish.de\/shop\/wp-json\/wp\/v2\/product_tag?post=31298"}],"curies":[{"name":"wp","href":"https:\/\/api.w.org\/{rel}","templated":true}]}}